CRAN Package Check Results for Package ABHgenotypeR

Last updated on 2025-01-19 05:49:03 CET.

Flavor Version Tinstall Tcheck Ttotal Status Flags
r-devel-linux-x86_64-debian-clang 1.0.1 5.04 53.79 58.83 OK
r-devel-linux-x86_64-debian-gcc 1.0.1 3.16 38.47 41.63 OK
r-devel-linux-x86_64-fedora-clang 1.0.1 98.15 OK
r-devel-linux-x86_64-fedora-gcc 1.0.1 112.66 OK
r-devel-windows-x86_64 1.0.1 8.00 74.00 82.00 OK
r-patched-linux-x86_64 1.0.1 4.07 51.10 55.17 NOTE
r-release-linux-x86_64 1.0.1 3.37 50.57 53.94 NOTE
r-release-macos-arm64 1.0.1 36.00 NOTE
r-release-macos-x86_64 1.0.1 56.00 NOTE
r-release-windows-x86_64 1.0.1 6.00 74.00 80.00 NOTE
r-oldrel-macos-arm64 1.0.1 35.00 NOTE
r-oldrel-macos-x86_64 1.0.1 58.00 NOTE
r-oldrel-windows-x86_64 1.0.1 8.00 82.00 90.00 NOTE

Check Details

Version: 1.0.1
Check: LazyData
Result: NOTE 'LazyData' is specified without a 'data' directory Flavors: r-patched-linux-x86_64, r-release-linux-x86_64, r-release-macos-arm64, r-release-macos-x86_64, r-release-windows-x86_64, r-oldrel-macos-arm64, r-oldrel-macos-x86_64, r-oldrel-windows-x86_64