Last updated on 2024-03-28 14:48:22 CET.
Flavor | Version | Tinstall | Tcheck | Ttotal | Status | Flags |
---|---|---|---|---|---|---|
r-devel-linux-x86_64-debian-clang | 0.3.3 | 69.39 | 77.21 | 146.60 | NOTE | |
r-devel-linux-x86_64-debian-gcc | 0.3.3 | 60.04 | 58.79 | 118.83 | NOTE | |
r-devel-linux-x86_64-fedora-clang | 0.3.3 | 205.45 | NOTE | |||
r-devel-linux-x86_64-fedora-gcc | 0.3.3 | 217.09 | NOTE | |||
r-devel-windows-x86_64 | 0.3.3 | 57.00 | 96.00 | 153.00 | NOTE | |
r-patched-linux-x86_64 | 0.3.3 | 75.18 | 73.14 | 148.32 | NOTE | |
r-release-linux-x86_64 | 0.3.3 | 75.12 | 78.94 | 154.06 | NOTE | |
r-release-macos-arm64 | 0.3.3 | 59.00 | NOTE | |||
r-release-macos-x86_64 | 0.3.3 | 96.00 | NOTE | |||
r-release-windows-x86_64 | 0.3.3 | 71.00 | 115.00 | 186.00 | NOTE | |
r-oldrel-macos-arm64 | 0.3.3 | 54.00 | NOTE | |||
r-oldrel-windows-x86_64 | 0.3.3 | 70.00 | 110.00 | 180.00 | OK |
Version: 0.3.3
Check: C++ specification
Result: NOTE
Specified C++11: please drop specification unless essential
Flavors: r-devel-linux-x86_64-debian-clang, r-devel-linux-x86_64-debian-gcc, r-devel-linux-x86_64-fedora-clang, r-devel-linux-x86_64-fedora-gcc, r-devel-windows-x86_64, r-patched-linux-x86_64, r-release-linux-x86_64, r-release-macos-arm64, r-release-macos-x86_64, r-release-windows-x86_64
Version: 0.3.3
Check: installed package size
Result: NOTE
installed size is 6.0Mb
sub-directories of 1Mb or more:
libs 5.9Mb
Flavors: r-release-macos-arm64, r-release-macos-x86_64, r-oldrel-macos-arm64