CRAN Package Check Results for Package AEDForecasting

Last updated on 2025-01-19 05:49:03 CET.

Flavor Version Tinstall Tcheck Ttotal Status Flags
r-devel-linux-x86_64-debian-clang 0.20.0 1.73 20.86 22.59 OK
r-devel-linux-x86_64-debian-gcc 0.20.0 1.51 16.94 18.45 OK
r-devel-linux-x86_64-fedora-clang 0.20.0 39.90 OK
r-devel-linux-x86_64-fedora-gcc 0.20.0 51.59 OK
r-devel-windows-x86_64 0.20.0 5.00 44.00 49.00 OK
r-patched-linux-x86_64 0.20.0 2.02 21.07 23.09 NOTE
r-release-linux-x86_64 0.20.0 1.68 20.57 22.25 NOTE
r-release-macos-arm64 0.20.0 22.00 NOTE
r-release-macos-x86_64 0.20.0 32.00 NOTE
r-release-windows-x86_64 0.20.0 4.00 45.00 49.00 NOTE
r-oldrel-macos-arm64 0.20.0 23.00 NOTE
r-oldrel-macos-x86_64 0.20.0 28.00 NOTE
r-oldrel-windows-x86_64 0.20.0 4.00 44.00 48.00 NOTE

Check Details

Version: 0.20.0
Check: LazyData
Result: NOTE 'LazyData' is specified without a 'data' directory Flavors: r-patched-linux-x86_64, r-release-linux-x86_64, r-release-macos-arm64, r-release-macos-x86_64, r-release-windows-x86_64, r-oldrel-macos-arm64, r-oldrel-macos-x86_64, r-oldrel-windows-x86_64