CRAN Package Check Results for Package AFM

Last updated on 2020-10-25 11:50:25 CET.

Flavor Version Tinstall Tcheck Ttotal Status Flags
r-devel-linux-x86_64-debian-clang 2.0 27.86 99.65 127.51 OK
r-devel-linux-x86_64-debian-gcc 2.0 22.14 121.07 143.21 OK
r-devel-linux-x86_64-fedora-clang 2.0 264.32 OK
r-devel-linux-x86_64-fedora-gcc 2.0 271.25 OK
r-devel-windows-ix86+x86_64 2.0 54.00 210.00 264.00 OK
r-patched-linux-x86_64 2.0 26.81 89.48 116.29 OK
r-patched-solaris-x86 2.0 341.10 OK
r-release-linux-x86_64 2.0 28.21 89.25 117.46 OK
r-release-macos-x86_64 2.0 OK
r-release-windows-ix86+x86_64 2.0 49.00 172.00 221.00 OK
r-oldrel-macos-x86_64 2.0 WARN
r-oldrel-windows-ix86+x86_64 2.0 51.00 209.00 260.00 OK

Check Details

Version: 2.0
Check: whether package can be installed
Result: WARN
    Found the following significant warnings:
     Warning: 'rgl.init' failed, running with 'rgl.useNULL = TRUE'.
Flavor: r-oldrel-macos-x86_64