Last updated on 2025-01-19 05:49:03 CET.
Flavor | Version | Tinstall | Tcheck | Ttotal | Status | Flags |
---|---|---|---|---|---|---|
r-devel-linux-x86_64-debian-clang | 0.1.0 | 5.87 | 46.13 | 52.00 | OK | |
r-devel-linux-x86_64-debian-gcc | 0.1.0 | 4.12 | 33.84 | 37.96 | OK | |
r-devel-linux-x86_64-fedora-clang | 0.1.0 | 84.08 | OK | |||
r-devel-linux-x86_64-fedora-gcc | 0.1.0 | 84.40 | OK | |||
r-devel-windows-x86_64 | 0.1.0 | 8.00 | 63.00 | 71.00 | OK | |
r-patched-linux-x86_64 | 0.1.0 | 4.47 | 43.46 | 47.93 | NOTE | |
r-release-linux-x86_64 | 0.1.0 | 4.97 | 43.63 | 48.60 | NOTE | |
r-release-macos-arm64 | 0.1.0 | 28.00 | NOTE | |||
r-release-macos-x86_64 | 0.1.0 | 41.00 | NOTE | |||
r-release-windows-x86_64 | 0.1.0 | 8.00 | 62.00 | 70.00 | NOTE | |
r-oldrel-macos-arm64 | 0.1.0 | 31.00 | NOTE | |||
r-oldrel-macos-x86_64 | 0.1.0 | 43.00 | NOTE | |||
r-oldrel-windows-x86_64 | 0.1.0 | 9.00 | 69.00 | 78.00 | NOTE |
Version: 0.1.0
Check: LazyData
Result: NOTE
'LazyData' is specified without a 'data' directory
Flavors: r-patched-linux-x86_64, r-release-linux-x86_64, r-release-macos-arm64, r-release-macos-x86_64, r-release-windows-x86_64, r-oldrel-macos-arm64, r-oldrel-macos-x86_64, r-oldrel-windows-x86_64