Last updated on 2025-01-19 05:49:03 CET.
Flavor | Version | Tinstall | Tcheck | Ttotal | Status | Flags |
---|---|---|---|---|---|---|
r-devel-linux-x86_64-debian-clang | 2.0 | 3.79 | 27.91 | 31.70 | OK | |
r-devel-linux-x86_64-debian-gcc | 2.0 | 2.31 | 21.24 | 23.55 | OK | |
r-devel-linux-x86_64-fedora-clang | 2.0 | 51.54 | OK | |||
r-devel-linux-x86_64-fedora-gcc | 2.0 | 46.39 | OK | |||
r-devel-windows-x86_64 | 2.0 | 7.00 | 69.00 | 76.00 | OK | |
r-patched-linux-x86_64 | 2.0 | 3.25 | 26.85 | 30.10 | NOTE | |
r-release-linux-x86_64 | 2.0 | 3.86 | 27.04 | 30.90 | NOTE | |
r-release-macos-arm64 | 2.0 | 21.00 | NOTE | |||
r-release-macos-x86_64 | 2.0 | 35.00 | NOTE | |||
r-release-windows-x86_64 | 2.0 | 7.00 | 70.00 | 77.00 | OK | |
r-oldrel-macos-arm64 | 2.0 | 22.00 | NOTE | |||
r-oldrel-macos-x86_64 | 2.0 | 34.00 | NOTE | |||
r-oldrel-windows-x86_64 | 2.0 | 8.00 | 61.00 | 69.00 | NOTE |
Version: 2.0
Check: package dependencies
Result: NOTE
Package suggested but not available for checking: ‘INLA’
Flavors: r-patched-linux-x86_64, r-release-linux-x86_64, r-release-macos-arm64, r-release-macos-x86_64, r-oldrel-macos-arm64, r-oldrel-macos-x86_64, r-oldrel-windows-x86_64