Last updated on 2025-01-19 05:49:03 CET.
Flavor | Version | Tinstall | Tcheck | Ttotal | Status | Flags |
---|---|---|---|---|---|---|
r-devel-linux-x86_64-debian-clang | 2.3-3 | 68.94 | 337.14 | 406.08 | NOTE | |
r-devel-linux-x86_64-debian-gcc | 2.3-3 | 41.82 | 211.94 | 253.76 | NOTE | |
r-devel-linux-x86_64-fedora-clang | 2.3-3 | 680.69 | OK | |||
r-devel-linux-x86_64-fedora-gcc | 2.3-3 | 682.74 | OK | |||
r-devel-windows-x86_64 | 2.3-3 | 70.00 | 330.00 | 400.00 | NOTE | |
r-patched-linux-x86_64 | 2.3-3 | 75.24 | 314.68 | 389.92 | OK | |
r-release-linux-x86_64 | 2.3-3 | 63.41 | 315.38 | 378.79 | OK | |
r-release-macos-arm64 | 2.3-3 | 142.00 | OK | |||
r-release-macos-x86_64 | 2.3-3 | 241.00 | OK | |||
r-release-windows-x86_64 | 2.3-3 | 67.00 | 344.00 | 411.00 | OK | |
r-oldrel-macos-arm64 | 2.3-3 | 150.00 | OK | |||
r-oldrel-macos-x86_64 | 2.3-3 | 383.00 | OK | |||
r-oldrel-windows-x86_64 | 2.3-3 | 82.00 | 411.00 | 493.00 | OK |
Version: 2.3-3
Check: Rd cross-references
Result: NOTE
Found the following Rd file(s) with Rd \link{} targets missing package
anchors:
AICcmodavg-package.Rd: xtable
Please provide package anchors for all Rd \link{} targets not in the
package itself and the base packages.
Flavors: r-devel-linux-x86_64-debian-clang, r-devel-linux-x86_64-debian-gcc, r-devel-windows-x86_64