CRAN Package Check Results for Package AMR

Last updated on 2019-10-13 12:46:06 CEST.

Flavor Version Tinstall Tcheck Ttotal Status Flags
r-devel-linux-x86_64-debian-clang 0.7.1 21.85 688.48 710.33 OK
r-devel-linux-x86_64-debian-gcc 0.7.1 18.65 482.30 500.95 OK
r-devel-linux-x86_64-fedora-clang 0.7.1 656.01 NOTE
r-devel-linux-x86_64-fedora-gcc 0.7.1 644.65 OK
r-devel-windows-ix86+x86_64 0.7.1 35.00 488.00 523.00 NOTE
r-patched-linux-x86_64 0.7.1 18.97 548.07 567.04 OK
r-patched-solaris-x86 0.7.1 752.70 NOTE
r-release-linux-x86_64 0.7.1 19.91 540.67 560.58 OK
r-release-windows-ix86+x86_64 0.7.1 46.00 590.00 636.00 NOTE
r-release-osx-x86_64 0.7.1 NOTE
r-oldrel-windows-ix86+x86_64 0.7.1 27.00 477.00 504.00 NOTE
r-oldrel-osx-x86_64 0.7.1 NOTE

Check Details

Version: 0.7.1
Check: installed package size
Result: NOTE
     installed size is 5.1Mb
     sub-directories of 1Mb or more:
     data 3.1Mb
Flavors: r-devel-linux-x86_64-fedora-clang, r-devel-windows-ix86+x86_64, r-patched-solaris-x86, r-release-windows-ix86+x86_64, r-release-osx-x86_64, r-oldrel-windows-ix86+x86_64, r-oldrel-osx-x86_64