Last updated on 2025-01-19 05:49:03 CET.
Flavor | Version | Tinstall | Tcheck | Ttotal | Status | Flags |
---|---|---|---|---|---|---|
r-devel-linux-x86_64-debian-clang | 2.3.4 | 336.63 | 63.25 | 399.88 | NOTE | |
r-devel-linux-x86_64-debian-gcc | 2.3.4 | 228.12 | 42.70 | 270.82 | NOTE | |
r-devel-linux-x86_64-fedora-clang | 2.3.4 | 788.81 | NOTE | |||
r-devel-linux-x86_64-fedora-gcc | 2.3.4 | 762.13 | NOTE | |||
r-devel-windows-x86_64 | 2.3.4 | 288.00 | 133.00 | 421.00 | NOTE | |
r-patched-linux-x86_64 | 2.3.4 | 324.92 | 60.58 | 385.50 | NOTE | |
r-release-linux-x86_64 | 2.3.4 | 321.70 | 59.42 | 381.12 | NOTE | |
r-release-macos-arm64 | 2.3.4 | 192.00 | NOTE | |||
r-release-macos-x86_64 | 2.3.4 | 161.00 | NOTE | |||
r-release-windows-x86_64 | 2.3.4 | 292.00 | 135.00 | 427.00 | NOTE | |
r-oldrel-macos-arm64 | 2.3.4 | 264.00 | NOTE | |||
r-oldrel-macos-x86_64 | 2.3.4 | 406.00 | NOTE | |||
r-oldrel-windows-x86_64 | 2.3.4 | 332.00 | 140.00 | 472.00 | NOTE |
Version: 2.3.4
Check: C++ specification
Result: NOTE
Specified C++11: please drop specification unless essential
Flavors: r-devel-linux-x86_64-debian-clang, r-devel-linux-x86_64-debian-gcc, r-devel-linux-x86_64-fedora-clang, r-devel-linux-x86_64-fedora-gcc, r-devel-windows-x86_64, r-patched-linux-x86_64, r-release-linux-x86_64, r-release-macos-arm64, r-release-macos-x86_64, r-release-windows-x86_64, r-oldrel-macos-arm64, r-oldrel-macos-x86_64, r-oldrel-windows-x86_64
Version: 2.3.4
Check: LazyData
Result: NOTE
'LazyData' is specified without a 'data' directory
Flavors: r-patched-linux-x86_64, r-release-linux-x86_64, r-release-macos-arm64, r-release-macos-x86_64, r-release-windows-x86_64, r-oldrel-macos-arm64, r-oldrel-macos-x86_64, r-oldrel-windows-x86_64
Version: 2.3.4
Check: installed package size
Result: NOTE
installed size is 28.8Mb
sub-directories of 1Mb or more:
cereal 1.4Mb
libs 27.3Mb
Flavors: r-release-macos-arm64, r-release-macos-x86_64, r-oldrel-macos-arm64, r-oldrel-macos-x86_64