Last updated on 2024-05-01 16:52:47 CEST.
Flavor | Version | Tinstall | Tcheck | Ttotal | Status | Flags |
---|---|---|---|---|---|---|
r-devel-linux-x86_64-debian-clang | 0.2.4 | 10.22 | 315.28 | 325.50 | NOTE | |
r-devel-linux-x86_64-debian-gcc | 0.2.4 | 6.85 | 214.94 | 221.79 | NOTE | |
r-devel-linux-x86_64-fedora-clang | 0.2.4 | 375.88 | NOTE | |||
r-devel-linux-x86_64-fedora-gcc | 0.2.4 | 390.49 | NOTE | |||
r-devel-windows-x86_64 | 0.2.4 | 9.00 | 204.00 | 213.00 | NOTE | |
r-patched-linux-x86_64 | 0.2.4 | 9.92 | 296.12 | 306.04 | NOTE | |
r-release-linux-x86_64 | 0.2.4 | 8.30 | 291.22 | 299.52 | NOTE | |
r-release-macos-arm64 | 0.2.4 | 87.00 | NOTE | |||
r-release-windows-x86_64 | 0.2.4 | 9.00 | 232.00 | 241.00 | NOTE | |
r-oldrel-macos-arm64 | 0.2.4 | 100.00 | OK | |||
r-oldrel-macos-x86_64 | 0.2.4 | 173.00 | OK | |||
r-oldrel-windows-x86_64 | 0.2.4 | 12.00 | 291.00 | 303.00 | OK |
Version: 0.2.4
Check: Rd files
Result: NOTE
checkRd: (-1) recm.Rd:55: Lost braces; missing escapes or markup?
55 | {In all cases,} \eqn{x_{j,t-1}} {in} \eqn{ECT} {is replaced by} \eqn{x_{j,t} \;\;\;\;\; \forall \;\; q_{j} = 0}
| ^
checkRd: (-1) recm.Rd:55: Lost braces; missing escapes or markup?
55 | {In all cases,} \eqn{x_{j,t-1}} {in} \eqn{ECT} {is replaced by} \eqn{x_{j,t} \;\;\;\;\; \forall \;\; q_{j} = 0}
| ^
checkRd: (-1) recm.Rd:55: Lost braces; missing escapes or markup?
55 | {In all cases,} \eqn{x_{j,t-1}} {in} \eqn{ECT} {is replaced by} \eqn{x_{j,t} \;\;\;\;\; \forall \;\; q_{j} = 0}
| ^
checkRd: (-1) uecm.Rd:76: Lost braces; missing escapes or markup?
76 | {In addition,} \eqn{x_{j,t-1}} {and} \eqn{\Delta x_{j,t}} {cancel out
| ^
checkRd: (-1) uecm.Rd:76: Lost braces; missing escapes or markup?
76 | {In addition,} \eqn{x_{j,t-1}} {and} \eqn{\Delta x_{j,t}} {cancel out
| ^
checkRd: (-1) uecm.Rd:76-77: Lost braces
76 | {In addition,} \eqn{x_{j,t-1}} {and} \eqn{\Delta x_{j,t}} {cancel out
| ^
Flavors: r-devel-linux-x86_64-debian-clang, r-devel-linux-x86_64-debian-gcc, r-devel-linux-x86_64-fedora-clang, r-devel-linux-x86_64-fedora-gcc, r-devel-windows-x86_64, r-patched-linux-x86_64, r-release-linux-x86_64, r-release-macos-arm64, r-release-windows-x86_64