Last updated on 2025-01-19 05:49:04 CET.
Flavor | Version | Tinstall | Tcheck | Ttotal | Status | Flags |
---|---|---|---|---|---|---|
r-devel-linux-x86_64-debian-clang | 1.1.4 | 47.95 | 173.20 | 221.15 | OK | |
r-devel-linux-x86_64-debian-gcc | 1.1.4 | 35.47 | 130.32 | 165.79 | OK | |
r-devel-linux-x86_64-fedora-clang | 1.1.4 | 372.07 | OK | |||
r-devel-linux-x86_64-fedora-gcc | 1.1.4 | 361.41 | OK | |||
r-devel-windows-x86_64 | 1.1.4 | 54.00 | 186.00 | 240.00 | OK | |
r-patched-linux-x86_64 | 1.1.4 | 47.60 | 167.02 | 214.62 | OK | |
r-release-linux-x86_64 | 1.1.4 | 46.86 | 166.47 | 213.33 | OK | |
r-release-macos-arm64 | 1.1.4 | 101.00 | NOTE | |||
r-release-macos-x86_64 | 1.1.4 | 171.00 | NOTE | |||
r-release-windows-x86_64 | 1.1.4 | 53.00 | 183.00 | 236.00 | OK | |
r-oldrel-macos-arm64 | 1.1.4 | 83.00 | NOTE | |||
r-oldrel-macos-x86_64 | 1.1.4 | 120.00 | OK | |||
r-oldrel-windows-x86_64 | 1.1.4 | 63.00 | 215.00 | 278.00 | OK |
Version: 1.1.4
Check: installed package size
Result: NOTE
installed size is 5.8Mb
sub-directories of 1Mb or more:
data 5.4Mb
Flavors: r-release-macos-arm64, r-release-macos-x86_64, r-oldrel-macos-arm64