Last updated on 2025-01-19 05:49:04 CET.
Flavor | Version | Tinstall | Tcheck | Ttotal | Status | Flags |
---|---|---|---|---|---|---|
r-devel-linux-x86_64-debian-clang | 1.1.4 | 40.65 | 38.96 | 79.61 | OK | |
r-devel-linux-x86_64-debian-gcc | 1.1.4 | 28.16 | 29.23 | 57.39 | OK | |
r-devel-linux-x86_64-fedora-clang | 1.1.4 | 130.17 | OK | |||
r-devel-linux-x86_64-fedora-gcc | 1.1.4 | 142.01 | OK | |||
r-devel-windows-x86_64 | 1.1.4 | 39.00 | 90.00 | 129.00 | OK | |
r-patched-linux-x86_64 | 1.1.4 | 40.54 | 36.43 | 76.97 | OK | |
r-release-linux-x86_64 | 1.1.4 | 37.97 | 37.33 | 75.30 | OK | |
r-release-macos-arm64 | 1.1.4 | 36.00 | NOTE | |||
r-release-macos-x86_64 | 1.1.4 | 54.00 | NOTE | |||
r-release-windows-x86_64 | 1.1.4 | 41.00 | 107.00 | 148.00 | OK | |
r-oldrel-macos-arm64 | 1.1.4 | 45.00 | NOTE | |||
r-oldrel-macos-x86_64 | 1.1.4 | 69.00 | NOTE | |||
r-oldrel-windows-x86_64 | 1.1.4 | 46.00 | 103.00 | 149.00 | OK |
Version: 1.1.4
Check: installed package size
Result: NOTE
installed size is 6.1Mb
sub-directories of 1Mb or more:
libs 6.0Mb
Flavors: r-release-macos-arm64, r-release-macos-x86_64, r-oldrel-macos-arm64, r-oldrel-macos-x86_64