CRAN Package Check Results for Package ATbounds

Last updated on 2025-01-19 05:49:04 CET.

Flavor Version Tinstall Tcheck Ttotal Status Flags
r-devel-linux-x86_64-debian-clang 0.1.0 2.29 107.20 109.49 NOTE
r-devel-linux-x86_64-debian-gcc 0.1.0 1.69 63.25 64.94 NOTE
r-devel-linux-x86_64-fedora-clang 0.1.0 161.64 NOTE
r-devel-linux-x86_64-fedora-gcc 0.1.0 192.81 NOTE
r-devel-windows-x86_64 0.1.0 5.00 142.00 147.00 NOTE
r-patched-linux-x86_64 0.1.0 2.56 119.31 121.87 NOTE
r-release-linux-x86_64 0.1.0 1.99 123.00 124.99 NOTE
r-release-macos-arm64 0.1.0 54.00 NOTE
r-release-macos-x86_64 0.1.0 86.00 NOTE
r-release-windows-x86_64 0.1.0 4.00 121.00 125.00 NOTE
r-oldrel-macos-arm64 0.1.0 56.00 OK
r-oldrel-macos-x86_64 0.1.0 99.00 OK
r-oldrel-windows-x86_64 0.1.0 4.00 200.00 204.00 OK

Check Details

Version: 0.1.0
Check: Rd files
Result: NOTE checkRd: (-1) simulation_dgp.Rd:14: Lost braces; missing escapes or markup? 14 | \item{x_discrete}{TRUE if the distribution of the covariate is uniform on {-3.0, -2.9, ..., 3.0} and | ^ checkRd: (-1) simulation_dgp.Rd:23: Lost braces 23 | \item{att_oracle}{the sample analog of E[D{Y(1) - Y(0)}|D=1]} | ^ Flavors: r-devel-linux-x86_64-debian-clang, r-devel-linux-x86_64-debian-gcc, r-devel-linux-x86_64-fedora-clang, r-devel-linux-x86_64-fedora-gcc, r-devel-windows-x86_64, r-patched-linux-x86_64, r-release-linux-x86_64, r-release-macos-arm64, r-release-macos-x86_64, r-release-windows-x86_64