CRAN Package Check Results for Package AeRobiology

Last updated on 2025-01-19 05:49:03 CET.

Flavor Version Tinstall Tcheck Ttotal Status Flags
r-devel-linux-x86_64-debian-clang 2.0.1 12.57 337.10 349.67 NOTE
r-devel-linux-x86_64-debian-gcc 2.0.1 8.96 203.34 212.30 NOTE
r-devel-linux-x86_64-fedora-clang 2.0.1 572.83 NOTE
r-devel-linux-x86_64-fedora-gcc 2.0.1 591.79 NOTE
r-devel-windows-x86_64 2.0.1 13.00 314.00 327.00 OK
r-patched-linux-x86_64 2.0.1 13.15 310.45 323.60 NOTE
r-release-linux-x86_64 2.0.1 11.08 309.71 320.79 NOTE
r-release-macos-arm64 2.0.1 137.00 OK
r-release-macos-x86_64 2.0.1 224.00 OK
r-release-windows-x86_64 2.0.1 14.00 307.00 321.00 OK
r-oldrel-macos-arm64 2.0.1 149.00 OK
r-oldrel-macos-x86_64 2.0.1 256.00 OK
r-oldrel-windows-x86_64 2.0.1 17.00 409.00 426.00 OK

Check Details

Version: 2.0.1
Check: for non-standard things in the check directory
Result: NOTE Found the following files/directories: ‘table_AeRobiology’ Flavors: r-devel-linux-x86_64-debian-clang, r-devel-linux-x86_64-debian-gcc, r-devel-linux-x86_64-fedora-clang, r-devel-linux-x86_64-fedora-gcc, r-patched-linux-x86_64, r-release-linux-x86_64