Last updated on 2024-04-17 13:57:21 CEST.
Flavor | Version | Tinstall | Tcheck | Ttotal | Status | Flags |
---|---|---|---|---|---|---|
r-devel-linux-x86_64-debian-clang | 2.0.1 | 18.05 | 444.09 | 462.14 | NOTE | |
r-devel-linux-x86_64-debian-gcc | 2.0.1 | 12.99 | 315.88 | 328.87 | NOTE | |
r-devel-linux-x86_64-fedora-clang | 2.0.1 | 564.25 | NOTE | |||
r-devel-linux-x86_64-fedora-gcc | 2.0.1 | 589.36 | NOTE | |||
r-prerel-macos-arm64 | 2.0.1 | 137.00 | OK | |||
r-prerel-windows-x86_64 | 2.0.1 | 15.00 | 314.00 | 329.00 | OK | |
r-patched-linux-x86_64 | 2.0.1 | 17.78 | 403.02 | 420.80 | NOTE | |
r-release-linux-x86_64 | 2.0.1 | 14.12 | 413.31 | 427.43 | NOTE | |
r-release-macos-arm64 | 2.0.1 | 149.00 | OK | |||
r-release-macos-x86_64 | 2.0.1 | 256.00 | OK | |||
r-release-windows-x86_64 | 2.0.1 | 19.00 | 414.00 | 433.00 | OK | |
r-oldrel-macos-arm64 | 2.0.1 | 113.00 | OK | |||
r-oldrel-windows-x86_64 | 2.0.1 | 19.00 | 316.00 | 335.00 | OK |
Version: 2.0.1
Check: for non-standard things in the check directory
Result: NOTE
Found the following files/directories:
‘table_AeRobiology’
Flavors: r-devel-linux-x86_64-debian-clang, r-devel-linux-x86_64-debian-gcc, r-devel-linux-x86_64-fedora-clang, r-devel-linux-x86_64-fedora-gcc, r-patched-linux-x86_64, r-release-linux-x86_64