Last updated on 2024-05-01 16:52:47 CEST.
Flavor | Version | Tinstall | Tcheck | Ttotal | Status | Flags |
---|---|---|---|---|---|---|
r-devel-linux-x86_64-debian-clang | 0.1.4.4 | 319.08 | 255.51 | 574.59 | NOTE | |
r-devel-linux-x86_64-debian-gcc | 0.1.4.4 | 245.50 | 177.86 | 423.36 | NOTE | |
r-devel-linux-x86_64-fedora-clang | 0.1.4.4 | 779.99 | NOTE | |||
r-devel-linux-x86_64-fedora-gcc | 0.1.4.4 | 825.06 | NOTE | |||
r-devel-windows-x86_64 | 0.1.4.4 | 212.00 | 231.00 | 443.00 | NOTE | |
r-patched-linux-x86_64 | 0.1.4.4 | 309.74 | 248.31 | 558.05 | NOTE | |
r-release-linux-x86_64 | 0.1.4.4 | 310.41 | 239.82 | 550.23 | NOTE | |
r-release-macos-arm64 | 0.1.4.4 | 157.00 | NOTE | |||
r-release-windows-x86_64 | 0.1.4.4 | 214.00 | 233.00 | 447.00 | NOTE | |
r-oldrel-macos-arm64 | 0.1.4.4 | 198.00 | NOTE | |||
r-oldrel-macos-x86_64 | 0.1.4.4 | 338.00 | NOTE | |||
r-oldrel-windows-x86_64 | 0.1.4.4 | 215.00 | 303.00 | 518.00 | NOTE |
Version: 0.1.4.4
Check: C++ specification
Result: NOTE
Specified C++11: please drop specification unless essential
Flavors: r-devel-linux-x86_64-debian-clang, r-devel-linux-x86_64-debian-gcc, r-devel-linux-x86_64-fedora-clang, r-devel-linux-x86_64-fedora-gcc, r-devel-windows-x86_64, r-patched-linux-x86_64, r-release-linux-x86_64, r-release-macos-arm64, r-release-windows-x86_64, r-oldrel-macos-arm64, r-oldrel-macos-x86_64, r-oldrel-windows-x86_64
Version: 0.1.4.4
Check: LazyData
Result: NOTE
'LazyData' is specified without a 'data' directory
Flavors: r-devel-linux-x86_64-debian-clang, r-devel-linux-x86_64-debian-gcc, r-devel-linux-x86_64-fedora-clang, r-devel-linux-x86_64-fedora-gcc, r-devel-windows-x86_64, r-patched-linux-x86_64, r-release-linux-x86_64, r-release-macos-arm64, r-release-windows-x86_64, r-oldrel-macos-arm64, r-oldrel-macos-x86_64, r-oldrel-windows-x86_64
Version: 0.1.4.4
Check: installed package size
Result: NOTE
installed size is 24.7Mb
sub-directories of 1Mb or more:
libs 23.2Mb
Flavors: r-release-macos-arm64, r-oldrel-macos-arm64, r-oldrel-macos-x86_64