CRAN Package Check Results for Package AnalyzeFMRI

Last updated on 2019-10-20 12:46:07 CEST.

Flavor Version Tinstall Tcheck Ttotal Status Flags
r-devel-linux-x86_64-debian-clang 1.1-20 29.00 63.91 92.91 WARN
r-devel-linux-x86_64-debian-gcc 1.1-20 18.83 50.63 69.46 WARN
r-devel-linux-x86_64-fedora-clang 1.1-20 117.12 OK
r-devel-linux-x86_64-fedora-gcc 1.1-20 113.63 WARN
r-devel-windows-ix86+x86_64 1.1-20 52.00 143.00 195.00 OK
r-patched-linux-x86_64 1.1-20 23.70 65.73 89.43 OK
r-patched-solaris-x86 1.1-20 152.70 OK
r-release-linux-x86_64 1.1-20 20.57 66.21 86.78 OK
r-release-windows-ix86+x86_64 1.1-20 74.00 145.00 219.00 OK
r-release-osx-x86_64 1.1-20 OK
r-oldrel-windows-ix86+x86_64 1.1-17 72.00 130.00 202.00 OK
r-oldrel-osx-x86_64 1.1-20 ERROR

Check Details

Version: 1.1-20
Check: whether package can be installed
Result: WARN
    Found the following significant warnings:
     analyzeFMRI.c:172:3: warning: ignoring return value of function declared with 'warn_unused_result' attribute [-Wunused-result]
     analyzeFMRI.c:185:3: warning: ignoring return value of function declared with 'warn_unused_result' attribute [-Wunused-result]
     analyzeFMRI.c:203:4: warning: ignoring return value of function declared with 'warn_unused_result' attribute [-Wunused-result]
     analyzeFMRI.c:225:4: warning: ignoring return value of function declared with 'warn_unused_result' attribute [-Wunused-result]
     analyzeFMRI.c:245:4: warning: ignoring return value of function declared with 'warn_unused_result' attribute [-Wunused-result]
     analyzeFMRI.c:266:4: warning: ignoring return value of function declared with 'warn_unused_result' attribute [-Wunused-result]
     analyzeFMRI.c:288:3: warning: ignoring return value of function declared with 'warn_unused_result' attribute [-Wunused-result]
     analyzeFMRI.c:310:4: warning: ignoring return value of function declared with 'warn_unused_result' attribute [-Wunused-result]
     analyzeFMRI.c:330:4: warning: ignoring return value of function declared with 'warn_unused_result' attribute [-Wunused-result]
     analyzeFMRI.c:352:4: warning: ignoring return value of function declared with 'warn_unused_result' attribute [-Wunused-result]
     analyzeFMRI.c:373:4: warning: ignoring return value of function declared with 'warn_unused_result' attribute [-Wunused-result]
     analyzeFMRI.c:394:4: warning: ignoring return value of function declared with 'warn_unused_result' attribute [-Wunused-result]
     analyzeFMRI.c:416:4: warning: ignoring return value of function declared with 'warn_unused_result' attribute [-Wunused-result]
     analyzeFMRI.c:437:4: warning: ignoring return value of function declared with 'warn_unused_result' attribute [-Wunused-result]
     analyzeFMRI.c:458:4: warning: ignoring return value of function declared with 'warn_unused_result' attribute [-Wunused-result]
Flavor: r-devel-linux-x86_64-debian-clang

Version: 1.1-20
Check: whether package can be installed
Result: WARN
    Found the following significant warnings:
     analyzeFMRI.c:172:3: warning: ignoring return value of ‘fread’, declared with attribute warn_unused_result [-Wunused-result]
     analyzeFMRI.c:185:3: warning: ignoring return value of ‘fread’, declared with attribute warn_unused_result [-Wunused-result]
     analyzeFMRI.c:203:4: warning: ignoring return value of ‘fread’, declared with attribute warn_unused_result [-Wunused-result]
     analyzeFMRI.c:225:4: warning: ignoring return value of ‘fread’, declared with attribute warn_unused_result [-Wunused-result]
     analyzeFMRI.c:245:4: warning: ignoring return value of ‘fread’, declared with attribute warn_unused_result [-Wunused-result]
     analyzeFMRI.c:266:4: warning: ignoring return value of ‘fread’, declared with attribute warn_unused_result [-Wunused-result]
     analyzeFMRI.c:288:3: warning: ignoring return value of ‘fread’, declared with attribute warn_unused_result [-Wunused-result]
     analyzeFMRI.c:310:4: warning: ignoring return value of ‘fread’, declared with attribute warn_unused_result [-Wunused-result]
     analyzeFMRI.c:330:4: warning: ignoring return value of ‘fread’, declared with attribute warn_unused_result [-Wunused-result]
     analyzeFMRI.c:352:4: warning: ignoring return value of ‘fread’, declared with attribute warn_unused_result [-Wunused-result]
     analyzeFMRI.c:373:4: warning: ignoring return value of ‘fread’, declared with attribute warn_unused_result [-Wunused-result]
     analyzeFMRI.c:394:4: warning: ignoring return value of ‘fread’, declared with attribute warn_unused_result [-Wunused-result]
     analyzeFMRI.c:416:4: warning: ignoring return value of ‘fread’, declared with attribute warn_unused_result [-Wunused-result]
     analyzeFMRI.c:437:4: warning: ignoring return value of ‘fread’, declared with attribute warn_unused_result [-Wunused-result]
     analyzeFMRI.c:458:4: warning: ignoring return value of ‘fread’, declared with attribute warn_unused_result [-Wunused-result]
Flavors: r-devel-linux-x86_64-debian-gcc, r-devel-linux-x86_64-fedora-gcc

Version: 1.1-20
Check: whether package can be installed
Result: ERROR
    Installation failed.
Flavor: r-oldrel-osx-x86_64