Last updated on 2025-01-19 05:49:03 CET.
Flavor | Version | Tinstall | Tcheck | Ttotal | Status | Flags |
---|---|---|---|---|---|---|
r-devel-linux-x86_64-debian-clang | 2.0 | 3.93 | 70.55 | 74.48 | NOTE | |
r-devel-linux-x86_64-debian-gcc | 2.0 | 3.04 | 57.09 | 60.13 | NOTE | |
r-devel-linux-x86_64-fedora-clang | 2.0 | 120.44 | NOTE | |||
r-devel-linux-x86_64-fedora-gcc | 2.0 | 139.14 | NOTE | |||
r-devel-windows-x86_64 | 2.0 | 15.00 | 104.00 | 119.00 | NOTE | |
r-patched-linux-x86_64 | 2.0 | 4.29 | 67.93 | 72.22 | NOTE | |
r-release-linux-x86_64 | 2.0 | 3.52 | 67.86 | 71.38 | NOTE | |
r-release-macos-arm64 | 2.0 | 54.00 | NOTE | |||
r-release-macos-x86_64 | 2.0 | 82.00 | NOTE | |||
r-release-windows-x86_64 | 2.0 | 8.00 | 101.00 | 109.00 | NOTE | |
r-oldrel-macos-arm64 | 2.0 | 57.00 | NOTE | |||
r-oldrel-macos-x86_64 | 2.0 | 75.00 | NOTE | |||
r-oldrel-windows-x86_64 | 2.0 | 9.00 | 113.00 | 122.00 | NOTE |
Version: 2.0
Check: Rd files
Result: NOTE
checkRd: (-1) AncestryMapper2.0-package.Rd:33: Escaped LaTeX specials: \~
checkRd: (-1) AncestryMapper2.0-package.Rd:38: Escaped LaTeX specials: \~
Flavors: r-devel-linux-x86_64-debian-clang, r-devel-linux-x86_64-debian-gcc, r-devel-linux-x86_64-fedora-clang, r-devel-linux-x86_64-fedora-gcc, r-devel-windows-x86_64, r-patched-linux-x86_64, r-release-linux-x86_64, r-release-macos-arm64, r-release-macos-x86_64, r-release-windows-x86_64, r-oldrel-macos-arm64, r-oldrel-macos-x86_64, r-oldrel-windows-x86_64