CRAN Package Check Results for Package AnimalHabitatNetwork

Last updated on 2025-01-19 05:49:03 CET.

Flavor Version Tinstall Tcheck Ttotal Status Flags
r-devel-linux-x86_64-debian-clang 0.1.0 4.71 39.67 44.38 NOTE
r-devel-linux-x86_64-debian-gcc 0.1.0 3.39 29.03 32.42 NOTE
r-devel-linux-x86_64-fedora-clang 0.1.0 72.22 NOTE
r-devel-linux-x86_64-fedora-gcc 0.1.0 65.43 NOTE
r-devel-windows-x86_64 0.1.0 6.00 57.00 63.00 NOTE
r-patched-linux-x86_64 0.1.0 3.06 36.93 39.99 NOTE
r-release-linux-x86_64 0.1.0 4.41 36.88 41.29 NOTE
r-release-macos-arm64 0.1.0 24.00 NOTE
r-release-macos-x86_64 0.1.0 36.00 NOTE
r-release-windows-x86_64 0.1.0 7.00 54.00 61.00 NOTE
r-oldrel-macos-arm64 0.1.0 24.00 NOTE
r-oldrel-macos-x86_64 0.1.0 36.00 NOTE
r-oldrel-windows-x86_64 0.1.0 7.00 65.00 72.00 NOTE

Check Details

Version: 0.1.0
Check: package subdirectories
Result: NOTE Problems with news in ‘NEWS.md’: No news entries found. Flavors: r-devel-linux-x86_64-debian-clang, r-devel-linux-x86_64-debian-gcc, r-devel-linux-x86_64-fedora-clang, r-devel-linux-x86_64-fedora-gcc, r-devel-windows-x86_64, r-patched-linux-x86_64, r-release-linux-x86_64, r-release-macos-arm64, r-release-macos-x86_64, r-release-windows-x86_64, r-oldrel-macos-arm64, r-oldrel-macos-x86_64, r-oldrel-windows-x86_64