Last updated on 2025-01-19 05:49:03 CET.
Flavor | Version | Tinstall | Tcheck | Ttotal | Status | Flags |
---|---|---|---|---|---|---|
r-devel-linux-x86_64-debian-clang | 1.1.0 | 50.95 | 278.11 | 329.06 | NOTE | |
r-devel-linux-x86_64-debian-gcc | 1.1.0 | 38.48 | 187.05 | 225.53 | NOTE | |
r-devel-linux-x86_64-fedora-clang | 1.1.0 | 512.23 | NOTE | |||
r-devel-linux-x86_64-fedora-gcc | 1.1.0 | 574.23 | NOTE | |||
r-devel-windows-x86_64 | 1.1.0 | 49.00 | 297.00 | 346.00 | NOTE | |
r-patched-linux-x86_64 | 1.1.0 | 57.43 | 290.49 | 347.92 | NOTE | |
r-release-linux-x86_64 | 1.1.0 | 54.88 | 282.46 | 337.34 | NOTE | |
r-release-macos-arm64 | 1.1.0 | 121.00 | NOTE | |||
r-release-macos-x86_64 | 1.1.0 | 167.00 | NOTE | |||
r-release-windows-x86_64 | 1.1.0 | 50.00 | 291.00 | 341.00 | NOTE | |
r-oldrel-macos-arm64 | 1.1.0 | 140.00 | NOTE | |||
r-oldrel-macos-x86_64 | 1.1.0 | 216.00 | NOTE | |||
r-oldrel-windows-x86_64 | 1.1.0 | 65.00 | 337.00 | 402.00 | NOTE |
Version: 1.1.0
Check: C++ specification
Result: NOTE
Specified C++11: please drop specification unless essential
Flavors: r-devel-linux-x86_64-debian-clang, r-devel-linux-x86_64-debian-gcc, r-devel-linux-x86_64-fedora-clang, r-devel-linux-x86_64-fedora-gcc, r-devel-windows-x86_64, r-patched-linux-x86_64, r-release-linux-x86_64, r-release-macos-arm64, r-release-macos-x86_64, r-release-windows-x86_64, r-oldrel-macos-arm64, r-oldrel-macos-x86_64, r-oldrel-windows-x86_64
Version: 1.1.0
Check: dependencies in R code
Result: NOTE
Namespaces in Imports field not imported from:
‘Rdpack’ ‘mcclust’
All declared Imports should be used.
Flavors: r-devel-linux-x86_64-fedora-clang, r-devel-linux-x86_64-fedora-gcc
Version: 1.1.0
Check: installed package size
Result: NOTE
installed size is 5.6Mb
sub-directories of 1Mb or more:
libs 5.3Mb
Flavors: r-release-macos-arm64, r-release-macos-x86_64, r-oldrel-macos-arm64, r-oldrel-macos-x86_64