Last updated on 2025-01-19 05:49:03 CET.
Flavor | Version | Tinstall | Tcheck | Ttotal | Status | Flags |
---|---|---|---|---|---|---|
r-devel-linux-x86_64-debian-clang | 0.1.0 | 131.37 | 171.42 | 302.79 | OK | |
r-devel-linux-x86_64-debian-gcc | 0.1.0 | 118.67 | 129.78 | 248.45 | OK | |
r-devel-linux-x86_64-fedora-clang | 0.1.0 | 495.89 | NOTE | |||
r-devel-linux-x86_64-fedora-gcc | 0.1.0 | 568.41 | NOTE | |||
r-devel-windows-x86_64 | 0.1.0 | 135.00 | 175.00 | 310.00 | OK | |
r-patched-linux-x86_64 | 0.1.0 | 141.67 | 168.27 | 309.94 | NOTE | |
r-release-linux-x86_64 | 0.1.0 | 150.54 | 167.63 | 318.17 | NOTE | |
r-release-macos-arm64 | 0.1.0 | 117.00 | NOTE | |||
r-release-macos-x86_64 | 0.1.0 | 173.00 | NOTE | |||
r-release-windows-x86_64 | 0.1.0 | 136.00 | 177.00 | 313.00 | NOTE | |
r-oldrel-macos-arm64 | 0.1.0 | 126.00 | NOTE | |||
r-oldrel-macos-x86_64 | 0.1.0 | 200.00 | NOTE | |||
r-oldrel-windows-x86_64 | 0.1.0 | 170.00 | 221.00 | 391.00 | NOTE |
Version: 0.1.0
Check: dependencies in R code
Result: NOTE
Namespace in Imports field not imported from: ‘RcppParallel’
All declared Imports should be used.
Flavors: r-devel-linux-x86_64-fedora-clang, r-devel-linux-x86_64-fedora-gcc
Version: 0.1.0
Check: for GNU extensions in Makefiles
Result: NOTE
GNU make is a SystemRequirements.
Flavors: r-patched-linux-x86_64, r-release-linux-x86_64, r-release-macos-arm64, r-release-macos-x86_64, r-release-windows-x86_64, r-oldrel-macos-arm64, r-oldrel-macos-x86_64, r-oldrel-windows-x86_64
Version: 0.1.0
Check: installed package size
Result: NOTE
installed size is 40.3Mb
sub-directories of 1Mb or more:
libs 40.1Mb
Flavors: r-release-macos-arm64, r-release-macos-x86_64, r-oldrel-macos-arm64, r-oldrel-macos-x86_64