Last updated on 2025-01-19 05:49:03 CET.
Flavor | Version | Tinstall | Tcheck | Ttotal | Status | Flags |
---|---|---|---|---|---|---|
r-devel-linux-x86_64-debian-clang | 1.0.1 | 37.12 | 74.46 | 111.58 | OK | |
r-devel-linux-x86_64-debian-gcc | 1.0.1 | 36.88 | 60.81 | 97.69 | OK | |
r-devel-linux-x86_64-fedora-clang | 1.0.1 | 194.57 | OK | |||
r-devel-linux-x86_64-fedora-gcc | 1.0.1 | 213.04 | OK | |||
r-devel-windows-x86_64 | 1.0.1 | 47.00 | 100.00 | 147.00 | OK | |
r-patched-linux-x86_64 | 1.0.1 | 40.20 | 70.03 | 110.23 | OK | |
r-release-linux-x86_64 | 1.0.1 | 47.71 | 70.65 | 118.36 | OK | |
r-release-macos-arm64 | 1.0.1 | 52.00 | NOTE | |||
r-release-macos-x86_64 | 1.0.1 | 77.00 | NOTE | |||
r-release-windows-x86_64 | 1.0.1 | 46.00 | 104.00 | 150.00 | NOTE | |
r-oldrel-macos-arm64 | 1.0.1 | 58.00 | NOTE | |||
r-oldrel-macos-x86_64 | 1.0.1 | 115.00 | NOTE | |||
r-oldrel-windows-x86_64 | 1.0.1 | 58.00 | 126.00 | 184.00 | NOTE |
Version: 1.0.1
Check: installed package size
Result: NOTE
installed size is 9.6Mb
sub-directories of 1Mb or more:
documents 2.4Mb
libs 5.5Mb
screenshots 1.6Mb
Flavors: r-release-macos-arm64, r-release-macos-x86_64, r-release-windows-x86_64, r-oldrel-macos-arm64, r-oldrel-macos-x86_64, r-oldrel-windows-x86_64