CRAN Package Check Results for Package AsioHeaders

Last updated on 2025-01-19 05:49:04 CET.

Flavor Version Tinstall Tcheck Ttotal Status Flags
r-devel-linux-x86_64-debian-clang 1.22.1-2 2.34 13.67 16.01 OK
r-devel-linux-x86_64-debian-gcc 1.22.1-2 1.72 11.66 13.38 OK
r-devel-linux-x86_64-fedora-clang 1.22.1-2 24.55 OK
r-devel-linux-x86_64-fedora-gcc 1.22.1-2 23.76 OK
r-devel-windows-x86_64 1.22.1-2 4.00 39.00 43.00 OK
r-patched-linux-x86_64 1.22.1-2 2.09 13.18 15.27 OK
r-release-linux-x86_64 1.22.1-2 2.21 12.94 15.15 OK
r-release-macos-arm64 1.22.1-2 15.00 NOTE
r-release-macos-x86_64 1.22.1-2 21.00 NOTE
r-release-windows-x86_64 1.22.1-2 7.00 38.00 45.00 NOTE
r-oldrel-macos-arm64 1.22.1-2 17.00 NOTE
r-oldrel-macos-x86_64 1.22.1-2 20.00 NOTE
r-oldrel-windows-x86_64 1.22.1-2 7.00 35.00 42.00 NOTE

Check Details

Version: 1.22.1-2
Check: installed package size
Result: NOTE installed size is 6.4Mb sub-directories of 1Mb or more: include 6.4Mb Flavors: r-release-macos-arm64, r-release-macos-x86_64, r-release-windows-x86_64, r-oldrel-macos-arm64, r-oldrel-macos-x86_64, r-oldrel-windows-x86_64