Last updated on 2024-05-01 16:52:47 CEST.
Flavor | Version | Tinstall | Tcheck | Ttotal | Status | Flags |
---|---|---|---|---|---|---|
r-devel-linux-x86_64-debian-clang | 1.0.1 | 4.37 | 44.42 | 48.79 | OK | |
r-devel-linux-x86_64-debian-gcc | 1.0.1 | 4.29 | 33.19 | 37.48 | OK | |
r-devel-linux-x86_64-fedora-clang | 1.0.1 | 65.08 | NOTE | |||
r-devel-linux-x86_64-fedora-gcc | 1.0.1 | 66.63 | NOTE | |||
r-devel-windows-x86_64 | 1.0.1 | 7.00 | 57.00 | 64.00 | OK | |
r-patched-linux-x86_64 | 1.0.1 | 4.96 | 43.22 | 48.18 | OK | |
r-release-linux-x86_64 | 1.0.1 | 3.52 | 42.40 | 45.92 | OK | |
r-release-macos-arm64 | 1.0.1 | 38.00 | OK | |||
r-release-windows-x86_64 | 1.0.1 | 8.00 | 64.00 | 72.00 | OK | |
r-oldrel-macos-arm64 | 1.0.1 | 30.00 | OK | |||
r-oldrel-macos-x86_64 | 1.0.1 | 41.00 | OK | |||
r-oldrel-windows-x86_64 | 1.0.1 | 7.00 | 60.00 | 67.00 | OK |
Version: 1.0.1
Check: dependencies in R code
Result: NOTE
Namespaces in Imports field not imported from:
‘DT’ ‘lubridate’ ‘openair’ ‘plotly’
All declared Imports should be used.
Flavors: r-devel-linux-x86_64-fedora-clang, r-devel-linux-x86_64-fedora-gcc