Last updated on 2025-01-19 05:49:04 CET.
Flavor | Version | Tinstall | Tcheck | Ttotal | Status | Flags |
---|---|---|---|---|---|---|
r-devel-linux-x86_64-debian-clang | 3.7.0 | 5.77 | 42.63 | 48.40 | NOTE | |
r-devel-linux-x86_64-debian-gcc | 3.7.0 | 3.62 | 31.52 | 35.14 | NOTE | |
r-devel-linux-x86_64-fedora-clang | 3.7.0 | 80.15 | NOTE | |||
r-devel-linux-x86_64-fedora-gcc | 3.7.0 | 92.74 | NOTE | |||
r-devel-windows-x86_64 | 3.7.0 | 9.00 | 69.00 | 78.00 | NOTE | |
r-patched-linux-x86_64 | 3.7.0 | 10.80 | 40.16 | 50.96 | OK | |
r-release-linux-x86_64 | 3.7.0 | 5.69 | 40.40 | 46.09 | OK | |
r-release-macos-arm64 | 3.7.0 | 34.00 | OK | |||
r-release-macos-x86_64 | 3.7.0 | 59.00 | OK | |||
r-release-windows-x86_64 | 3.7.0 | 10.00 | 68.00 | 78.00 | OK | |
r-oldrel-macos-arm64 | 3.7.0 | 34.00 | OK | |||
r-oldrel-macos-x86_64 | 3.7.0 | 50.00 | OK | |||
r-oldrel-windows-x86_64 | 3.7.0 | 9.00 | 71.00 | 80.00 | OK |
Version: 3.7.0
Check: Rd cross-references
Result: NOTE
Found the following Rd file(s) with Rd \link{} targets missing package
anchors:
az_storage.Rd: az_resource_group
Please provide package anchors for all Rd \link{} targets not in the
package itself and the base packages.
Flavors: r-devel-linux-x86_64-debian-clang, r-devel-linux-x86_64-debian-gcc, r-devel-windows-x86_64
Version: 3.7.0
Check: dependencies in R code
Result: NOTE
Namespace in Imports field not imported from: ‘R6’
All declared Imports should be used.
Flavors: r-devel-linux-x86_64-fedora-clang, r-devel-linux-x86_64-fedora-gcc