Last updated on 2025-01-19 05:49:04 CET.
Flavor | Version | Tinstall | Tcheck | Ttotal | Status | Flags |
---|---|---|---|---|---|---|
r-devel-linux-x86_64-debian-clang | 2.2.2 | 6.52 | 33.85 | 40.37 | OK | |
r-devel-linux-x86_64-debian-gcc | 2.2.2 | 4.57 | 25.26 | 29.83 | OK | |
r-devel-linux-x86_64-fedora-clang | 2.2.2 | 66.78 | OK | |||
r-devel-linux-x86_64-fedora-gcc | 2.2.2 | 74.75 | OK | |||
r-devel-windows-x86_64 | 2.2.2 | 7.00 | 58.00 | 65.00 | OK | |
r-patched-linux-x86_64 | 2.2.2 | 7.27 | 31.94 | 39.21 | OK | |
r-release-linux-x86_64 | 2.2.2 | 4.89 | 32.16 | 37.05 | OK | |
r-release-macos-arm64 | 2.2.2 | 28.00 | OK | |||
r-release-macos-x86_64 | 2.2.2 | 60.00 | NOTE | |||
r-release-windows-x86_64 | 2.2.2 | 10.00 | 58.00 | 68.00 | OK | |
r-oldrel-macos-arm64 | 2.2.2 | 28.00 | OK | |||
r-oldrel-macos-x86_64 | 2.2.2 | 43.00 | NOTE | |||
r-oldrel-windows-x86_64 | 2.2.2 | 8.00 | 61.00 | 69.00 | OK |
Version: 2.2.2
Check: package dependencies
Result: NOTE
Package suggested but not available for checking: ‘AzureKeyVault’
Flavors: r-release-macos-x86_64, r-oldrel-macos-x86_64