Last updated on 2024-04-24 19:55:00 CEST.
Flavor | Version | Tinstall | Tcheck | Ttotal | Status | Flags |
---|---|---|---|---|---|---|
r-devel-linux-x86_64-debian-clang | 1.0 | 6.87 | 52.14 | 59.01 | NOTE | |
r-devel-linux-x86_64-debian-gcc | 1.0 | 4.25 | 39.63 | 43.88 | NOTE | |
r-devel-linux-x86_64-fedora-clang | 1.0 | 73.46 | NOTE | |||
r-devel-linux-x86_64-fedora-gcc | 1.0 | 76.90 | NOTE | |||
r-devel-windows-x86_64 | 1.0 | 6.00 | 59.00 | 65.00 | NOTE | |
r-patched-linux-x86_64 | 1.0 | 6.72 | 49.22 | 55.94 | NOTE | |
r-release-linux-x86_64 | 1.0 | 6.59 | 49.61 | 56.20 | NOTE | |
r-release-macos-arm64 | 1.0 | 26.00 | NOTE | |||
r-release-windows-x86_64 | 1.0 | 7.00 | 57.00 | 64.00 | NOTE | |
r-oldrel-macos-arm64 | 1.0 | 28.00 | NOTE | |||
r-oldrel-macos-x86_64 | 1.0 | 37.00 | NOTE | |||
r-oldrel-windows-x86_64 | 1.0 | 9.00 | 63.00 | 72.00 | NOTE |
Version: 1.0
Check: LazyData
Result: NOTE
'LazyData' is specified without a 'data' directory
Flavors: r-devel-linux-x86_64-debian-clang, r-devel-linux-x86_64-debian-gcc, r-devel-linux-x86_64-fedora-clang, r-devel-linux-x86_64-fedora-gcc, r-devel-windows-x86_64, r-patched-linux-x86_64, r-release-linux-x86_64, r-release-macos-arm64, r-release-windows-x86_64, r-oldrel-macos-arm64, r-oldrel-macos-x86_64, r-oldrel-windows-x86_64