CRAN Package Check Results for Package BACprior

Last updated on 2025-01-19 05:49:04 CET.

Flavor Version Tinstall Tcheck Ttotal Status Flags
r-devel-linux-x86_64-debian-clang 2.1.1 1.93 22.82 24.75 NOTE
r-devel-linux-x86_64-debian-gcc 2.1.1 1.51 17.99 19.50 NOTE
r-devel-linux-x86_64-fedora-clang 2.1.1 41.12 OK
r-devel-linux-x86_64-fedora-gcc 2.1.1 38.52 OK
r-devel-windows-x86_64 2.1.1 3.00 46.00 49.00 NOTE
r-patched-linux-x86_64 2.1.1 2.34 21.40 23.74 OK
r-release-linux-x86_64 2.1.1 1.65 21.75 23.40 OK
r-release-macos-arm64 2.1.1 16.00 OK
r-release-macos-x86_64 2.1.1 23.00 OK
r-release-windows-x86_64 2.1.1 4.00 48.00 52.00 OK
r-oldrel-macos-arm64 2.1.1 18.00 OK
r-oldrel-macos-x86_64 2.1.1 37.00 OK
r-oldrel-windows-x86_64 2.1.1 3.00 44.00 47.00 OK

Check Details

Version: 2.1.1
Check: Rd cross-references
Result: NOTE Found the following Rd file(s) with Rd \link{} targets missing package anchors: BACprior.lm.Rd: regsubsets Please provide package anchors for all Rd \link{} targets not in the package itself and the base packages. Flavors: r-devel-linux-x86_64-debian-clang, r-devel-linux-x86_64-debian-gcc, r-devel-windows-x86_64