Last updated on 2024-04-17 13:57:22 CEST.
Flavor | Version | Tinstall | Tcheck | Ttotal | Status | Flags |
---|---|---|---|---|---|---|
r-devel-linux-x86_64-debian-clang | 0.2.0 | 6.65 | 132.69 | 139.34 | NOTE | |
r-devel-linux-x86_64-debian-gcc | 0.2.0 | 4.45 | 96.57 | 101.02 | NOTE | |
r-devel-linux-x86_64-fedora-clang | 0.2.0 | 166.98 | NOTE | |||
r-devel-linux-x86_64-fedora-gcc | 0.2.0 | 184.54 | NOTE | |||
r-prerel-macos-arm64 | 0.2.0 | 53.00 | NOTE | |||
r-prerel-macos-x86_64 | 0.2.0 | 154.00 | NOTE | |||
r-prerel-windows-x86_64 | 0.2.0 | 6.00 | 109.00 | 115.00 | NOTE | |
r-patched-linux-x86_64 | 0.2.0 | 7.24 | 125.33 | 132.57 | NOTE | |
r-release-linux-x86_64 | 0.2.0 | 5.06 | 127.43 | 132.49 | NOTE | |
r-release-macos-arm64 | 0.2.0 | 52.00 | NOTE | |||
r-release-macos-x86_64 | 0.2.0 | 100.00 | NOTE | |||
r-release-windows-x86_64 | 0.2.0 | 7.00 | 130.00 | 137.00 | NOTE | |
r-oldrel-macos-arm64 | 0.2.0 | 44.00 | NOTE | |||
r-oldrel-windows-x86_64 | 0.2.0 | 9.00 | 134.00 | 143.00 | NOTE |
Version: 0.2.0
Check: LazyData
Result: NOTE
'LazyData' is specified without a 'data' directory
Flavors: r-devel-linux-x86_64-debian-clang, r-devel-linux-x86_64-debian-gcc, r-devel-linux-x86_64-fedora-clang, r-devel-linux-x86_64-fedora-gcc, r-prerel-macos-arm64, r-prerel-macos-x86_64, r-prerel-windows-x86_64, r-patched-linux-x86_64, r-release-linux-x86_64, r-release-macos-arm64, r-release-macos-x86_64, r-release-windows-x86_64, r-oldrel-macos-arm64, r-oldrel-windows-x86_64