Last updated on 2025-01-19 05:49:04 CET.
Flavor | Version | Tinstall | Tcheck | Ttotal | Status | Flags |
---|---|---|---|---|---|---|
r-devel-linux-x86_64-debian-clang | 1.0.3 | 85.97 | 221.27 | 307.24 | OK | |
r-devel-linux-x86_64-debian-gcc | 1.0.3 | 55.87 | 149.53 | 205.40 | OK | |
r-devel-linux-x86_64-fedora-clang | 1.0.3 | 501.34 | OK | |||
r-devel-linux-x86_64-fedora-gcc | 1.0.3 | 499.68 | OK | |||
r-devel-windows-x86_64 | 1.0.3 | 77.00 | 235.00 | 312.00 | OK | |
r-patched-linux-x86_64 | 1.0.3 | 75.39 | 203.21 | 278.60 | OK | |
r-release-linux-x86_64 | 1.0.3 | 76.28 | 203.65 | 279.93 | OK | |
r-release-macos-arm64 | 1.0.3 | 11.00 | ERROR | |||
r-release-macos-x86_64 | 1.0.3 | 13.00 | ERROR | |||
r-release-windows-x86_64 | 1.0.3 | 75.00 | 237.00 | 312.00 | NOTE | |
r-oldrel-macos-arm64 | 1.0.3 | 10.00 | ERROR | |||
r-oldrel-macos-x86_64 | 1.0.3 | 12.00 | ERROR | |||
r-oldrel-windows-x86_64 | 1.0.3 | 88.00 | 292.00 | 380.00 | NOTE |
Version: 1.0.3
Check: package dependencies
Result: ERROR
Package required but not available: ‘mixAK’
See section ‘The DESCRIPTION file’ in the ‘Writing R Extensions’
manual.
Flavors: r-release-macos-arm64, r-release-macos-x86_64, r-oldrel-macos-arm64, r-oldrel-macos-x86_64
Version: 1.0.3
Check: installed package size
Result: NOTE
installed size is 5.9Mb
sub-directories of 1Mb or more:
data 3.3Mb
doc 1.2Mb
libs 1.4Mb
Flavors: r-release-windows-x86_64, r-oldrel-windows-x86_64