Last updated on 2025-01-19 05:49:04 CET.
Flavor | Version | Tinstall | Tcheck | Ttotal | Status | Flags |
---|---|---|---|---|---|---|
r-devel-linux-x86_64-debian-clang | 2.73 | 48.00 | 80.58 | 128.58 | OK | |
r-devel-linux-x86_64-debian-gcc | 2.73 | 38.79 | 54.74 | 93.53 | OK | |
r-devel-linux-x86_64-fedora-clang | 2.73 | 225.77 | OK | |||
r-devel-linux-x86_64-fedora-gcc | 2.73 | 246.29 | OK | |||
r-devel-windows-x86_64 | 2.73 | 55.00 | 103.00 | 158.00 | OK | |
r-patched-linux-x86_64 | 2.73 | 56.53 | 71.90 | 128.43 | OK | |
r-release-linux-x86_64 | 2.73 | 57.83 | 71.59 | 129.42 | OK | |
r-release-macos-arm64 | 2.73 | 67.00 | OK | |||
r-release-macos-x86_64 | 2.73 | 142.00 | NOTE | |||
r-release-windows-x86_64 | 2.73 | 57.00 | 104.00 | 161.00 | OK | |
r-oldrel-macos-arm64 | 2.73 | 84.00 | OK | |||
r-oldrel-macos-x86_64 | 2.73 | 147.00 | NOTE | |||
r-oldrel-windows-x86_64 | 2.73 | 62.00 | 120.00 | 182.00 | OK |
Version: 2.73
Check: installed package size
Result: NOTE
installed size is 5.2Mb
sub-directories of 1Mb or more:
libs 3.7Mb
Flavors: r-release-macos-x86_64, r-oldrel-macos-x86_64