CRAN Package Check Results for Package BGVAR

Last updated on 2025-01-19 05:49:04 CET.

Flavor Version Tinstall Tcheck Ttotal Status Flags
r-devel-linux-x86_64-debian-clang 2.5.8 88.21 342.18 430.39 OK
r-devel-linux-x86_64-debian-gcc 2.5.8 63.94 220.97 284.91 OK
r-devel-linux-x86_64-fedora-clang 2.5.8 736.58 OK
r-devel-linux-x86_64-fedora-gcc 2.5.8 739.74 OK
r-devel-windows-x86_64 2.5.8 91.00 320.00 411.00 OK
r-patched-linux-x86_64 2.5.8 89.98 324.59 414.57 NOTE
r-release-linux-x86_64 2.5.8 89.18 325.29 414.47 NOTE
r-release-macos-arm64 2.5.8 174.00 NOTE
r-release-macos-x86_64 2.5.8 264.00 NOTE
r-release-windows-x86_64 2.5.8 91.00 319.00 410.00 NOTE
r-oldrel-macos-arm64 2.5.8 171.00 NOTE
r-oldrel-macos-x86_64 2.5.8 294.00 NOTE
r-oldrel-windows-x86_64 2.5.8 101.00 418.00 519.00 NOTE

Check Details

Version: 2.5.8
Check: for GNU extensions in Makefiles
Result: NOTE GNU make is a SystemRequirements. Flavors: r-patched-linux-x86_64, r-release-linux-x86_64, r-release-macos-arm64, r-release-macos-x86_64, r-release-windows-x86_64, r-oldrel-macos-arm64, r-oldrel-macos-x86_64, r-oldrel-windows-x86_64

Version: 2.5.8
Check: installed package size
Result: NOTE installed size is 10.9Mb sub-directories of 1Mb or more: doc 2.9Mb libs 6.5Mb Flavors: r-release-macos-arm64, r-release-macos-x86_64, r-release-windows-x86_64, r-oldrel-macos-arm64, r-oldrel-macos-x86_64, r-oldrel-windows-x86_64