Last updated on 2025-01-19 05:49:04 CET.
Flavor | Version | Tinstall | Tcheck | Ttotal | Status | Flags |
---|---|---|---|---|---|---|
r-devel-linux-x86_64-debian-clang | 3.1.1 | 36.67 | 53.74 | 90.41 | NOTE | |
r-devel-linux-x86_64-debian-gcc | 3.1.1 | 27.15 | 36.85 | 64.00 | NOTE | |
r-devel-linux-x86_64-fedora-clang | 3.1.1 | 153.70 | NOTE | |||
r-devel-linux-x86_64-fedora-gcc | 3.1.1 | 172.48 | NOTE | |||
r-devel-windows-x86_64 | 3.1.1 | 39.00 | 119.00 | 158.00 | NOTE | |
r-patched-linux-x86_64 | 3.1.1 | 38.51 | 48.46 | 86.97 | NOTE | |
r-release-linux-x86_64 | 3.1.1 | 39.17 | 48.25 | 87.42 | NOTE | |
r-release-macos-arm64 | 3.1.1 | 57.00 | NOTE | |||
r-release-macos-x86_64 | 3.1.1 | 136.00 | NOTE | |||
r-release-windows-x86_64 | 3.1.1 | 38.00 | 114.00 | 152.00 | NOTE | |
r-oldrel-macos-arm64 | 3.1.1 | 67.00 | NOTE | |||
r-oldrel-macos-x86_64 | 3.1.1 | 103.00 | NOTE | |||
r-oldrel-windows-x86_64 | 3.1.1 | 45.00 | 127.00 | 172.00 | NOTE |
Version: 3.1.1
Check: C++ specification
Result: NOTE
Specified C++11: please drop specification unless essential
Flavors: r-devel-linux-x86_64-debian-clang, r-devel-linux-x86_64-debian-gcc, r-devel-linux-x86_64-fedora-clang, r-devel-linux-x86_64-fedora-gcc, r-devel-windows-x86_64, r-patched-linux-x86_64, r-release-linux-x86_64, r-release-macos-arm64, r-release-macos-x86_64, r-release-windows-x86_64, r-oldrel-macos-arm64, r-oldrel-macos-x86_64, r-oldrel-windows-x86_64
Version: 3.1.1
Check: installed package size
Result: NOTE
installed size is 5.2Mb
sub-directories of 1Mb or more:
libs 4.5Mb
Flavors: r-release-macos-arm64, r-release-macos-x86_64, r-oldrel-macos-arm64, r-oldrel-macos-x86_64