Last updated on 2025-01-19 05:49:04 CET.
Flavor | Version | Tinstall | Tcheck | Ttotal | Status | Flags |
---|---|---|---|---|---|---|
r-devel-linux-x86_64-debian-clang | 3.6-6 | 125.90 | 125.47 | 251.37 | OK | |
r-devel-linux-x86_64-debian-gcc | 3.6-6 | 86.96 | 85.37 | 172.33 | OK | |
r-devel-linux-x86_64-fedora-clang | 3.6-6 | 420.62 | OK | |||
r-devel-linux-x86_64-fedora-gcc | 3.6-6 | 447.23 | OK | |||
r-devel-windows-x86_64 | 3.6-6 | 114.00 | 154.00 | 268.00 | OK | |
r-patched-linux-x86_64 | 3.6-6 | 125.71 | 115.16 | 240.87 | OK | |
r-release-linux-x86_64 | 3.6-6 | 120.45 | 114.47 | 234.92 | OK | |
r-release-macos-arm64 | 3.6-6 | 64.00 | NOTE | |||
r-release-macos-x86_64 | 3.6-6 | 128.00 | NOTE | |||
r-release-windows-x86_64 | 3.6-6 | 116.00 | 147.00 | 263.00 | OK | |
r-oldrel-macos-arm64 | 3.6-6 | 70.00 | NOTE | |||
r-oldrel-macos-x86_64 | 3.6-6 | 92.00 | NOTE | |||
r-oldrel-windows-x86_64 | 3.6-6 | 140.00 | 189.00 | 329.00 | OK |
Version: 3.6-6
Check: installed package size
Result: NOTE
installed size is 9.6Mb
sub-directories of 1Mb or more:
data 1.4Mb
libs 7.7Mb
Flavors: r-release-macos-arm64, r-release-macos-x86_64, r-oldrel-macos-arm64, r-oldrel-macos-x86_64