Last updated on 2024-04-17 13:57:22 CEST.
Flavor | Version | Tinstall | Tcheck | Ttotal | Status | Flags |
---|---|---|---|---|---|---|
r-devel-linux-x86_64-debian-clang | 3.0.3 | 23.82 | 78.12 | 101.94 | OK | |
r-devel-linux-x86_64-debian-gcc | 3.0.3 | 26.02 | 59.04 | 85.06 | OK | |
r-devel-linux-x86_64-fedora-clang | 3.0.3 | 141.53 | NOTE | |||
r-devel-linux-x86_64-fedora-gcc | 3.0.3 | 158.55 | NOTE | |||
r-prerel-macos-arm64 | 3.0.3 | 57.00 | OK | |||
r-prerel-windows-x86_64 | 3.0.3 | 26.00 | 81.00 | 107.00 | OK | |
r-patched-linux-x86_64 | 3.0.3 | 19.76 | 75.14 | 94.90 | OK | |
r-release-linux-x86_64 | 3.0.3 | 21.05 | 72.85 | 93.90 | OK | |
r-release-macos-arm64 | 3.0.3 | 60.00 | OK | |||
r-release-macos-x86_64 | 3.0.3 | 82.00 | OK | |||
r-release-windows-x86_64 | 3.0.3 | 38.00 | 86.00 | 124.00 | OK | |
r-oldrel-macos-arm64 | 3.0.3 | 53.00 | NOTE | |||
r-oldrel-windows-x86_64 | 3.0.3 | 40.00 | 79.00 | 119.00 | OK |
Version: 3.0.3
Check: dependencies in R code
Result: NOTE
Namespace in Imports field not imported from: ‘httr’
All declared Imports should be used.
Flavors: r-devel-linux-x86_64-fedora-clang, r-devel-linux-x86_64-fedora-gcc, r-oldrel-macos-arm64