Last updated on 2021-01-15 12:50:13 CET.
Flavor | Version | Tinstall | Tcheck | Ttotal | Status | Flags |
---|---|---|---|---|---|---|
r-devel-linux-x86_64-debian-clang | 2.1.4 | 14.03 | 157.99 | 172.02 | OK | |
r-devel-linux-x86_64-debian-gcc | 2.1.4 | 9.87 | 117.78 | 127.65 | OK | |
r-devel-linux-x86_64-fedora-clang | 2.1.4 | 208.99 | NOTE | |||
r-devel-linux-x86_64-fedora-gcc | 2.1.4 | 198.64 | OK | |||
r-devel-windows-ix86+x86_64 | 2.1.4 | 29.00 | 150.00 | 179.00 | OK | --no-vignettes |
r-patched-linux-x86_64 | 2.1.4 | 12.36 | 140.31 | 152.67 | OK | |
r-patched-solaris-x86 | 2.1.4 | 267.70 | OK | |||
r-release-linux-x86_64 | 2.1.4 | 13.69 | 140.76 | 154.45 | OK | |
r-release-macos-x86_64 | 2.1.4 | OK | ||||
r-release-windows-ix86+x86_64 | 2.1.4 | 22.00 | 125.00 | 147.00 | OK | --no-vignettes |
r-oldrel-macos-x86_64 | 2.1.4 | ERROR | ||||
r-oldrel-windows-ix86+x86_64 | 2.1.4 | 15.00 | 107.00 | 122.00 | OK | --no-vignettes |
Version: 2.1.4
Check: Rd cross-references
Result: NOTE
Undeclared package ‘lmfor’ in Rd xrefs
Flavor: r-devel-linux-x86_64-fedora-clang
Version: 2.1.4
Check: tests
Result: ERROR
Running ‘testthat.R’ [21s/11s]
Running the tests in ‘tests/testthat.R’ failed.
Last 13 lines of output:
Backtrace:
█
1. ├─testthat::expect_length(...) test_03_computeAGB.R:39:2
2. │ └─testthat::quasi_label(enquo(object), arg = "object")
3. │ └─rlang::eval_bare(expr, quo_get_env(quo))
4. └─BIOMASS::computeAGB(D, WD$meanWD, coord = coord)
5. └─BIOMASS::computeE(coord)
6. ├─raster::raster(cacheManager("E"))
7. └─raster::raster(cacheManager("E"))
8. └─raster:::.local(x, ...)
9. └─raster:::.rasterObjectFromFile(...)
[ FAIL 20 | WARN 0 | SKIP 0 | PASS 404 ]
Error: Test failures
Execution halted
Flavor: r-oldrel-macos-x86_64
Version: 2.1.4
Check: re-building of vignette outputs
Result: WARN
Error(s) in re-building vignettes:
...
--- re-building ‘BIOMASS.Rmd’ using rmarkdown
Warning in engine$weave(file, quiet = quiet, encoding = enc) :
Pandoc (>= 1.12.3) and/or pandoc-citeproc not available. Falling back to R Markdown v1.
Quitting from lines 54-57 (BIOMASS.Rmd)
Error: processing vignette 'BIOMASS.Rmd' failed with diagnostics:
No such file or directory: '/Users/urbanek/Library/Application Support/R/BIOMASS/correctTaxo.log'. Unable to create new file for writing (it does not exist already). Do you have permission to write here, is there space on the disk and does the path exist?
--- failed re-building ‘BIOMASS.Rmd’
--- re-building ‘plot.Rmd’ using rmarkdown
Warning in engine$weave(file, quiet = quiet, encoding = enc) :
Pandoc (>= 1.12.3) and/or pandoc-citeproc not available. Falling back to R Markdown v1.
--- finished re-building ‘plot.Rmd’
SUMMARY: processing the following file failed:
‘BIOMASS.Rmd’
Error: Vignette re-building failed.
Execution halted
Flavor: r-oldrel-macos-x86_64