Last updated on 2024-04-17 13:57:22 CEST.
Flavor | Version | Tinstall | Tcheck | Ttotal | Status | Flags |
---|---|---|---|---|---|---|
r-devel-linux-x86_64-debian-clang | 0.9 | 5.65 | 45.65 | 51.30 | NOTE | |
r-devel-linux-x86_64-debian-gcc | 0.9 | 3.24 | 33.86 | 37.10 | NOTE | |
r-devel-linux-x86_64-fedora-clang | 0.9 | 62.40 | NOTE | |||
r-devel-linux-x86_64-fedora-gcc | 0.9 | 67.08 | NOTE | |||
r-prerel-macos-arm64 | 0.9 | 23.00 | NOTE | |||
r-prerel-windows-x86_64 | 0.9 | 6.00 | 56.00 | 62.00 | NOTE | |
r-patched-linux-x86_64 | 0.9 | 9.75 | 43.16 | 52.91 | NOTE | |
r-release-linux-x86_64 | 0.9 | 4.38 | 43.52 | 47.90 | OK | |
r-release-macos-arm64 | 0.9 | 22.00 | OK | |||
r-release-macos-x86_64 | 0.9 | 30.00 | OK | |||
r-release-windows-x86_64 | 0.9 | 7.00 | 63.00 | 70.00 | OK | |
r-oldrel-macos-arm64 | 0.9 | 22.00 | OK | |||
r-oldrel-windows-x86_64 | 0.9 | 7.00 | 63.00 | 70.00 | OK |
Version: 0.9
Check: Rd files
Result: NOTE
checkRd: (-1) ringApply.Rd:9: Lost braces; missing escapes or markup?
9 | \item{lv}{{numeric} position, or {character} name, of an
| ^
Flavors: r-devel-linux-x86_64-debian-clang, r-devel-linux-x86_64-debian-gcc, r-devel-linux-x86_64-fedora-clang, r-devel-linux-x86_64-fedora-gcc, r-prerel-macos-arm64, r-prerel-windows-x86_64, r-patched-linux-x86_64