Last updated on 2024-05-01 16:52:48 CEST.
Flavor | Version | Tinstall | Tcheck | Ttotal | Status | Flags |
---|---|---|---|---|---|---|
r-devel-linux-x86_64-debian-clang | 0.3.3 | 18.67 | 141.53 | 160.20 | NOTE | |
r-devel-linux-x86_64-debian-gcc | 0.3.3 | 12.21 | 102.99 | 115.20 | NOTE | |
r-devel-linux-x86_64-fedora-clang | 0.3.3 | 200.26 | NOTE | |||
r-devel-linux-x86_64-fedora-gcc | 0.3.3 | 213.99 | NOTE | |||
r-devel-windows-x86_64 | 0.3.3 | 16.00 | 111.00 | 127.00 | NOTE | |
r-patched-linux-x86_64 | 0.3.3 | 10.56 | 135.77 | 146.33 | NOTE | |
r-release-linux-x86_64 | 0.3.3 | 9.63 | 131.43 | 141.06 | NOTE | |
r-release-macos-arm64 | 0.3.3 | 60.00 | NOTE | |||
r-release-windows-x86_64 | 0.3.3 | 15.00 | 112.00 | 127.00 | NOTE | |
r-oldrel-macos-arm64 | 0.3.3 | 57.00 | NOTE | |||
r-oldrel-macos-x86_64 | 0.3.3 | 90.00 | NOTE | |||
r-oldrel-windows-x86_64 | 0.3.3 | 19.00 | 133.00 | 152.00 | NOTE |
Version: 0.3.3
Check: Rd files
Result: NOTE
checkRd: (-1) posteriorFeasibility.Rd:25: Escaped LaTeX specials: \#
checkRd: (-1) sp500Returns.Rd:4: Escaped LaTeX specials: \&
Flavors: r-devel-linux-x86_64-debian-clang, r-devel-linux-x86_64-debian-gcc, r-devel-linux-x86_64-fedora-clang, r-devel-linux-x86_64-fedora-gcc, r-devel-windows-x86_64, r-patched-linux-x86_64, r-release-linux-x86_64, r-release-macos-arm64, r-release-windows-x86_64, r-oldrel-macos-arm64, r-oldrel-macos-x86_64, r-oldrel-windows-x86_64
Version: 0.3.3
Check: dependencies in R code
Result: NOTE
Namespaces in Imports field not imported from:
‘knitr’ ‘rmarkdown’
All declared Imports should be used.
Flavors: r-devel-linux-x86_64-fedora-clang, r-devel-linux-x86_64-fedora-gcc