Last updated on 2025-01-19 05:49:04 CET.
Flavor | Version | Tinstall | Tcheck | Ttotal | Status | Flags |
---|---|---|---|---|---|---|
r-devel-linux-x86_64-debian-clang | 2.2.3 | 64.66 | 125.95 | 190.61 | OK | |
r-devel-linux-x86_64-debian-gcc | 2.2.3 | 63.26 | 92.84 | 156.10 | OK | |
r-devel-linux-x86_64-fedora-clang | 2.2.3 | 300.43 | OK | |||
r-devel-linux-x86_64-fedora-gcc | 2.2.3 | 370.94 | OK | |||
r-devel-windows-x86_64 | 2.2.3 | 69.00 | 123.00 | 192.00 | OK | |
r-patched-linux-x86_64 | 2.2.3 | 86.47 | 118.57 | 205.04 | OK | |
r-release-linux-x86_64 | 2.2.3 | 86.48 | 119.81 | 206.29 | OK | |
r-release-macos-arm64 | 2.2.3 | 112.00 | NOTE | |||
r-release-macos-x86_64 | 2.2.3 | 131.00 | NOTE | |||
r-release-windows-x86_64 | 2.2.3 | 69.00 | 124.00 | 193.00 | OK | |
r-oldrel-macos-arm64 | 2.2.3 | 81.00 | NOTE | |||
r-oldrel-macos-x86_64 | 2.2.3 | 160.00 | NOTE | |||
r-oldrel-windows-x86_64 | 2.2.3 | 80.00 | 142.00 | 222.00 | OK |
Version: 2.2.3
Check: installed package size
Result: NOTE
installed size is 5.2Mb
sub-directories of 1Mb or more:
libs 4.7Mb
Flavors: r-release-macos-arm64, r-release-macos-x86_64, r-oldrel-macos-arm64, r-oldrel-macos-x86_64