Last updated on 2025-01-19 05:49:04 CET.
Flavor | Version | Tinstall | Tcheck | Ttotal | Status | Flags |
---|---|---|---|---|---|---|
r-devel-linux-x86_64-debian-clang | 0.0.7 | 211.75 | 114.33 | 326.08 | OK | |
r-devel-linux-x86_64-debian-gcc | 0.0.7 | 199.17 | 96.66 | 295.83 | OK | |
r-devel-linux-x86_64-fedora-clang | 0.0.7 | 537.60 | OK | |||
r-devel-linux-x86_64-fedora-gcc | 0.0.7 | 715.73 | OK | |||
r-devel-windows-x86_64 | 0.0.7 | 222.00 | 146.00 | 368.00 | OK | |
r-patched-linux-x86_64 | 0.0.7 | 241.25 | 127.55 | 368.80 | OK | |
r-release-linux-x86_64 | 0.0.7 | 268.28 | 127.16 | 395.44 | OK | |
r-release-macos-arm64 | 0.0.7 | 144.00 | NOTE | |||
r-release-macos-x86_64 | 0.0.7 | 166.00 | NOTE | |||
r-release-windows-x86_64 | 0.0.7 | 216.00 | 149.00 | 365.00 | OK | |
r-oldrel-macos-arm64 | 0.0.7 | 150.00 | NOTE | |||
r-oldrel-macos-x86_64 | 0.0.7 | 246.00 | NOTE | |||
r-oldrel-windows-x86_64 | 0.0.7 | 283.00 | 183.00 | 466.00 | OK |
Version: 0.0.7
Check: installed package size
Result: NOTE
installed size is 52.5Mb
sub-directories of 1Mb or more:
libs 52.2Mb
Flavors: r-release-macos-arm64, r-release-macos-x86_64, r-oldrel-macos-arm64, r-oldrel-macos-x86_64
Version: 0.0.7
Check: for GNU extensions in Makefiles
Result: NOTE
GNU make is a SystemRequirements.
Flavors: r-release-macos-arm64, r-release-macos-x86_64, r-oldrel-macos-arm64, r-oldrel-macos-x86_64