CRAN Package Check Results for Package BSW

Last updated on 2025-01-19 05:49:05 CET.

Flavor Version Tinstall Tcheck Ttotal Status Flags
r-devel-linux-x86_64-debian-clang 0.1.1 5.79 59.71 65.50 OK
r-devel-linux-x86_64-debian-gcc 0.1.1 4.72 44.62 49.34 OK
r-devel-linux-x86_64-fedora-clang 0.1.1 105.37 OK
r-devel-linux-x86_64-fedora-gcc 0.1.1 115.04 OK
r-devel-windows-x86_64 0.1.1 7.00 73.00 80.00 OK
r-patched-linux-x86_64 0.1.1 5.99 56.79 62.78 NOTE
r-release-linux-x86_64 0.1.1 5.36 56.52 61.88 NOTE
r-release-macos-arm64 0.1.1 39.00 NOTE
r-release-macos-x86_64 0.1.1 66.00 NOTE
r-release-windows-x86_64 0.1.1 7.00 72.00 79.00 NOTE
r-oldrel-macos-arm64 0.1.1 40.00 NOTE
r-oldrel-macos-x86_64 0.1.1 61.00 NOTE
r-oldrel-windows-x86_64 0.1.1 9.00 84.00 93.00 NOTE

Check Details

Version: 0.1.1
Check: LazyData
Result: NOTE 'LazyData' is specified without a 'data' directory Flavors: r-patched-linux-x86_64, r-release-linux-x86_64, r-release-macos-arm64, r-release-macos-x86_64, r-release-windows-x86_64, r-oldrel-macos-arm64, r-oldrel-macos-x86_64, r-oldrel-windows-x86_64