Last updated on 2025-01-19 05:49:05 CET.
Flavor | Version | Tinstall | Tcheck | Ttotal | Status | Flags |
---|---|---|---|---|---|---|
r-devel-linux-x86_64-debian-clang | 2.4.3 | 12.90 | 172.36 | 185.26 | OK | |
r-devel-linux-x86_64-debian-gcc | 2.4.3 | 9.91 | 117.69 | 127.60 | OK | |
r-devel-linux-x86_64-fedora-clang | 2.4.3 | 314.22 | OK | |||
r-devel-linux-x86_64-fedora-gcc | 2.4.3 | 310.76 | OK | |||
r-devel-windows-x86_64 | 2.4.3 | 16.00 | 227.00 | 243.00 | OK | |
r-patched-linux-x86_64 | 2.4.3 | 12.87 | 162.07 | 174.94 | OK | |
r-release-linux-x86_64 | 2.4.3 | 12.40 | 161.35 | 173.75 | OK | |
r-release-macos-arm64 | 2.4.3 | 85.00 | OK | |||
r-release-macos-x86_64 | 2.4.3 | 127.00 | WARN | |||
r-release-windows-x86_64 | 2.4.3 | 15.00 | 231.00 | 246.00 | OK | |
r-oldrel-macos-arm64 | 2.4.3 | 99.00 | OK | |||
r-oldrel-macos-x86_64 | 2.4.3 | 160.00 | OK | |||
r-oldrel-windows-x86_64 | 2.4.3 | 17.00 | 253.00 | 270.00 | OK |
Version: 2.4.3
Check: re-building of vignette outputs
Result: WARN
Error(s) in re-building vignettes:
...
--- re-building ‘BTYD-walkthrough.Rnw’ using knitr
Error: processing vignette 'BTYD-walkthrough.Rnw' failed with diagnostics:
Running 'texi2dvi' on 'BTYD-walkthrough.tex' failed.
LaTeX errors:
! Undefined control sequence.
l.167 \hldef
{cdnowElog} \hlkwb{<-} \hlkwd{system.file}\hldef{(}\hlsng{"data/...
?
! Emergency stop.
l.167
End of file on the terminal!
! ==> Fatal error occurred, no output PDF file produced!
--- failed re-building ‘BTYD-walkthrough.Rnw’
SUMMARY: processing the following file failed:
‘BTYD-walkthrough.Rnw’
Error: Vignette re-building failed.
Execution halted
Flavor: r-release-macos-x86_64