Last updated on 2024-04-17 13:57:22 CEST.
Flavor | Version | Tinstall | Tcheck | Ttotal | Status | Flags |
---|---|---|---|---|---|---|
r-devel-linux-x86_64-debian-clang | 1.0-3 | 6.34 | 70.02 | 76.36 | NOTE | |
r-devel-linux-x86_64-debian-gcc | 1.0-3 | 6.15 | 49.95 | 56.10 | NOTE | |
r-devel-linux-x86_64-fedora-clang | 1.0-3 | 93.45 | NOTE | |||
r-devel-linux-x86_64-fedora-gcc | 1.0-3 | 90.05 | NOTE | |||
r-prerel-macos-arm64 | 1.0-3 | 30.00 | NOTE | |||
r-prerel-windows-x86_64 | 1.0-3 | 7.00 | 70.00 | 77.00 | NOTE | |
r-patched-linux-x86_64 | 1.0-3 | 8.77 | 66.48 | 75.25 | NOTE | |
r-release-linux-x86_64 | 1.0-3 | 7.56 | 65.05 | 72.61 | OK | |
r-release-macos-arm64 | 1.0-3 | 32.00 | OK | |||
r-release-macos-x86_64 | 1.0-3 | 49.00 | OK | |||
r-release-windows-x86_64 | 1.0-3 | 9.00 | 82.00 | 91.00 | OK | |
r-oldrel-macos-arm64 | 1.0-3 | 32.00 | OK | |||
r-oldrel-windows-x86_64 | 1.0-3 | 10.00 | 102.00 | 112.00 | OK |
Version: 1.0-3
Check: Rd files
Result: NOTE
checkRd: (-1) barcoding.spe.identify2.Rd:27: Lost braces; missing escapes or markup?
27 | read.dna() from package {ape} was used to obtain DNAbin object for unaligned non-coding barcodes.
| ^
Flavors: r-devel-linux-x86_64-debian-clang, r-devel-linux-x86_64-debian-gcc, r-devel-linux-x86_64-fedora-clang, r-devel-linux-x86_64-fedora-gcc, r-prerel-macos-arm64, r-prerel-windows-x86_64, r-patched-linux-x86_64