CRAN Package Check Results for Package BaseSet

Last updated on 2025-01-19 05:49:04 CET.

Flavor Version Tinstall Tcheck Ttotal Status Flags
r-devel-linux-x86_64-debian-clang 0.9.0 8.38 238.97 247.35 OK
r-devel-linux-x86_64-debian-gcc 0.9.0 6.18 157.74 163.92 OK
r-devel-linux-x86_64-fedora-clang 0.9.0 405.24 OK
r-devel-linux-x86_64-fedora-gcc 0.9.0 409.39 OK
r-devel-windows-x86_64 0.9.0 12.00 236.00 248.00 OK
r-patched-linux-x86_64 0.9.0 12.66 225.97 238.63 OK
r-release-linux-x86_64 0.9.0 7.38 224.43 231.81 OK
r-release-macos-arm64 0.9.0 57.00 NOTE
r-release-macos-x86_64 0.9.0 185.00 OK
r-release-windows-x86_64 0.9.0 11.00 233.00 244.00 OK
r-oldrel-macos-arm64 0.9.0 62.00 NOTE
r-oldrel-macos-x86_64 0.9.0 103.00 NOTE
r-oldrel-windows-x86_64 0.9.0 13.00 298.00 311.00 OK

Check Details

Version: 0.9.0
Check: package dependencies
Result: NOTE Package suggested but not available for checking: ‘reactome.db’ Flavors: r-release-macos-arm64, r-oldrel-macos-arm64, r-oldrel-macos-x86_64