Last updated on 2025-01-19 05:49:04 CET.
Flavor | Version | Tinstall | Tcheck | Ttotal | Status | Flags |
---|---|---|---|---|---|---|
r-devel-linux-x86_64-debian-clang | 0.5.0 | 16.06 | 149.78 | 165.84 | NOTE | |
r-devel-linux-x86_64-debian-gcc | 0.5.0 | 10.77 | 100.40 | 111.17 | NOTE | |
r-devel-linux-x86_64-fedora-clang | 0.5.0 | 265.83 | NOTE | |||
r-devel-linux-x86_64-fedora-gcc | 0.5.0 | 251.05 | NOTE | |||
r-devel-windows-x86_64 | 0.5.0 | 16.00 | 155.00 | 171.00 | NOTE | |
r-patched-linux-x86_64 | 0.5.0 | 22.02 | 137.18 | 159.20 | OK | |
r-release-linux-x86_64 | 0.5.0 | 15.58 | 139.85 | 155.43 | OK | |
r-release-macos-arm64 | 0.5.0 | 72.00 | OK | |||
r-release-macos-x86_64 | 0.5.0 | 103.00 | OK | |||
r-release-windows-x86_64 | 0.5.0 | 15.00 | 156.00 | 171.00 | OK | |
r-oldrel-macos-arm64 | 0.5.0 | 73.00 | OK | |||
r-oldrel-macos-x86_64 | 0.5.0 | 120.00 | OK | |||
r-oldrel-windows-x86_64 | 0.5.0 | 20.00 | 188.00 | 208.00 | OK |
Version: 0.5.0
Check: Rd cross-references
Result: NOTE
Found the following Rd file(s) with Rd \link{} targets missing package
anchors:
bubbleplot.Rd: scale_colour_gradient2
Please provide package anchors for all Rd \link{} targets not in the
package itself and the base packages.
Flavors: r-devel-linux-x86_64-debian-clang, r-devel-linux-x86_64-debian-gcc, r-devel-windows-x86_64
Version: 0.5.0
Check: dependencies in R code
Result: NOTE
Namespaces in Imports field not imported from:
‘circlize’ ‘hexbin’ ‘scales’ ‘sna’
All declared Imports should be used.
Flavors: r-devel-linux-x86_64-fedora-clang, r-devel-linux-x86_64-fedora-gcc