Last updated on 2025-01-19 05:49:04 CET.
Flavor | Version | Tinstall | Tcheck | Ttotal | Status | Flags |
---|---|---|---|---|---|---|
r-devel-linux-x86_64-debian-clang | 0.9.12-4.7 | 188.91 | 362.13 | 551.04 | OK | |
r-devel-linux-x86_64-debian-gcc | 0.9.12-4.7 | 134.94 | 258.32 | 393.26 | OK | |
r-devel-linux-x86_64-fedora-clang | 0.9.12-4.7 | 978.40 | OK | |||
r-devel-linux-x86_64-fedora-gcc | 0.9.12-4.7 | 999.82 | OK | |||
r-devel-windows-x86_64 | 0.9.12-4.7 | 186.00 | 280.00 | 466.00 | OK | |
r-patched-linux-x86_64 | 0.9.12-4.7 | 180.96 | 357.86 | 538.82 | OK | |
r-release-linux-x86_64 | 0.9.12-4.7 | 190.21 | 356.82 | 547.03 | OK | |
r-release-macos-arm64 | 0.9.12-4.7 | 186.00 | NOTE | |||
r-release-macos-x86_64 | 0.9.12-4.7 | 237.00 | NOTE | |||
r-release-windows-x86_64 | 0.9.12-4.7 | 188.00 | 277.00 | 465.00 | NOTE | |
r-oldrel-macos-arm64 | 0.9.12-4.7 | 190.00 | NOTE | |||
r-oldrel-macos-x86_64 | 0.9.12-4.7 | 399.00 | NOTE | |||
r-oldrel-windows-x86_64 | 0.9.12-4.7 | 215.00 | 356.00 | 571.00 | NOTE |
Version: 0.9.12-4.7
Check: installed package size
Result: NOTE
installed size is 31.8Mb
sub-directories of 1Mb or more:
doc 10.9Mb
libs 19.8Mb
Flavors: r-release-macos-arm64, r-release-macos-x86_64, r-release-windows-x86_64, r-oldrel-macos-arm64, r-oldrel-macos-x86_64, r-oldrel-windows-x86_64
Version: 0.9.12-4.7
Check: package dependencies
Result: NOTE
Package suggested but not available for checking: 'doMC'
Flavors: r-release-windows-x86_64, r-oldrel-windows-x86_64