Last updated on 2025-02-08 20:48:18 CET.
Flavor | Version | Tinstall | Tcheck | Ttotal | Status | Flags |
---|---|---|---|---|---|---|
r-devel-linux-x86_64-debian-clang | 0.1.1 | 1.87 | 21.24 | 23.11 | OK | |
r-devel-linux-x86_64-debian-gcc | 0.1.1 | 1.63 | 17.18 | 18.81 | OK | |
r-devel-linux-x86_64-fedora-clang | 0.1.1 | 39.45 | NOTE | |||
r-devel-linux-x86_64-fedora-gcc | 0.1.1 | 35.53 | NOTE | |||
r-devel-windows-x86_64 | 0.1.1 | 4.00 | 43.00 | 47.00 | OK | |
r-patched-linux-x86_64 | 0.1.1 | 2.05 | 20.74 | 22.79 | OK | |
r-release-linux-x86_64 | 0.1.1 | 2.02 | 20.49 | 22.51 | OK | |
r-release-macos-arm64 | 0.1.1 | 18.00 | OK | |||
r-release-macos-x86_64 | 0.1.1 | 33.00 | OK | |||
r-release-windows-x86_64 | 0.1.1 | 3.00 | 43.00 | 46.00 | OK | |
r-oldrel-macos-arm64 | 0.1.1 | 20.00 | OK | |||
r-oldrel-macos-x86_64 | 0.1.1 | 23.00 | OK | |||
r-oldrel-windows-x86_64 | 0.1.1 | 4.00 | 50.00 | 54.00 | OK |
Version: 0.1.1
Check: dependencies in R code
Result: NOTE
Namespace in Imports field not imported from: ‘plyr’
All declared Imports should be used.
Flavors: r-devel-linux-x86_64-fedora-clang, r-devel-linux-x86_64-fedora-gcc