Last updated on 2024-05-01 16:52:48 CEST.
Flavor | Version | Tinstall | Tcheck | Ttotal | Status | Flags |
---|---|---|---|---|---|---|
r-devel-linux-x86_64-debian-clang | 0.1.1 | 2.01 | 27.79 | 29.80 | OK | |
r-devel-linux-x86_64-debian-gcc | 0.1.1 | 1.97 | 21.42 | 23.39 | OK | |
r-devel-linux-x86_64-fedora-clang | 0.1.1 | 38.32 | NOTE | |||
r-devel-linux-x86_64-fedora-gcc | 0.1.1 | 36.62 | NOTE | |||
r-devel-windows-x86_64 | 0.1.1 | 3.00 | 44.00 | 47.00 | OK | |
r-patched-linux-x86_64 | 0.1.1 | 2.07 | 26.99 | 29.06 | OK | |
r-release-linux-x86_64 | 0.1.1 | 2.49 | 26.78 | 29.27 | OK | |
r-release-macos-arm64 | 0.1.1 | 18.00 | OK | |||
r-release-windows-x86_64 | 0.1.1 | 3.00 | 44.00 | 47.00 | OK | |
r-oldrel-macos-arm64 | 0.1.1 | 20.00 | OK | |||
r-oldrel-macos-x86_64 | 0.1.1 | 23.00 | OK | |||
r-oldrel-windows-x86_64 | 0.1.1 | 3.00 | 44.00 | 47.00 | OK |
Version: 0.1.1
Check: dependencies in R code
Result: NOTE
Namespace in Imports field not imported from: ‘plyr’
All declared Imports should be used.
Flavors: r-devel-linux-x86_64-fedora-clang, r-devel-linux-x86_64-fedora-gcc