CRAN Package Check Results for Package BayesNetBP

Last updated on 2020-07-12 12:47:23 CEST.

Flavor Version Tinstall Tcheck Ttotal Status Flags
r-devel-linux-x86_64-debian-clang 1.5.5 18.65 168.22 186.87 NOTE
r-devel-linux-x86_64-debian-gcc 1.5.5 17.33 126.97 144.30 NOTE
r-devel-linux-x86_64-fedora-clang 1.5.5 248.60 NOTE
r-devel-linux-x86_64-fedora-gcc 1.5.5 223.21 NOTE
r-devel-windows-ix86+x86_64 1.5.5 45.00 180.00 225.00 NOTE
r-patched-linux-x86_64 1.5.5 21.51 164.11 185.62 NOTE
r-patched-solaris-x86 1.5.5 310.10 NOTE
r-release-linux-x86_64 1.5.5 18.46 161.97 180.43 NOTE
r-release-macos-x86_64 1.5.5 NOTE
r-release-windows-ix86+x86_64 1.5.5 57.00 239.00 296.00 NOTE
r-oldrel-macos-x86_64 1.5.5 NOTE
r-oldrel-windows-ix86+x86_64 1.5.5 38.00 155.00 193.00 NOTE

Check Details

Version: 1.5.5
Check: package dependencies
Result: NOTE
    Package suggested but not available for checking: 'cyjShiny'
Flavors: r-devel-linux-x86_64-debian-clang, r-devel-linux-x86_64-debian-gcc, r-devel-linux-x86_64-fedora-clang, r-devel-linux-x86_64-fedora-gcc, r-devel-windows-ix86+x86_64, r-patched-linux-x86_64, r-patched-solaris-x86, r-release-linux-x86_64, r-release-macos-x86_64, r-release-windows-ix86+x86_64, r-oldrel-macos-x86_64, r-oldrel-windows-ix86+x86_64