CRAN Package Check Results for Package BayesPostEst

Last updated on 2025-01-19 05:49:04 CET.

Flavor Version Tinstall Tcheck Ttotal Status Flags
r-devel-linux-x86_64-debian-clang 0.3.2 5.45 193.65 199.10 OK
r-devel-linux-x86_64-debian-gcc 0.3.2 4.37 133.92 138.29 OK
r-devel-linux-x86_64-fedora-clang 0.3.2 336.75 NOTE
r-devel-linux-x86_64-fedora-gcc 0.3.2 320.07 NOTE
r-devel-windows-x86_64 0.3.2 9.00 229.00 238.00 OK
r-patched-linux-x86_64 0.3.2 5.24 184.69 189.93 OK
r-release-linux-x86_64 0.3.2 4.84 184.30 189.14 OK
r-release-macos-arm64 0.3.2 92.00 OK
r-release-macos-x86_64 0.3.2 136.00 OK
r-release-windows-x86_64 0.3.2 9.00 224.00 233.00 OK
r-oldrel-macos-arm64 0.3.2 100.00 OK
r-oldrel-macos-x86_64 0.3.2 160.00 OK
r-oldrel-windows-x86_64 0.3.2 9.00 273.00 282.00 OK

Check Details

Version: 0.3.2
Check: dependencies in R code
Result: NOTE Namespaces in Imports field not imported from: ‘HDInterval’ ‘MCMCpack’ ‘R2WinBUGS’ ‘R2jags’ ‘carData’ ‘rjags’ All declared Imports should be used. Flavors: r-devel-linux-x86_64-fedora-clang, r-devel-linux-x86_64-fedora-gcc