CRAN Package Check Results for Package BayesRGMM

Last updated on 2025-01-19 05:49:04 CET.

Flavor Version Tinstall Tcheck Ttotal Status Flags
r-devel-linux-x86_64-debian-clang 2.2 101.19 148.73 249.92 NOTE
r-devel-linux-x86_64-debian-gcc 2.2 72.26 98.78 171.04 NOTE
r-devel-linux-x86_64-fedora-clang 2.2 420.42 NOTE
r-devel-linux-x86_64-fedora-gcc 2.2 442.33 NOTE
r-devel-windows-x86_64 2.2 102.00 181.00 283.00 NOTE
r-patched-linux-x86_64 2.2 105.70 130.47 236.17 NOTE
r-release-linux-x86_64 2.2 102.50 130.66 233.16 NOTE
r-release-macos-arm64 2.2 114.00 NOTE
r-release-macos-x86_64 2.2 176.00 NOTE
r-release-windows-x86_64 2.2 102.00 181.00 283.00 NOTE
r-oldrel-macos-arm64 2.2 151.00 NOTE
r-oldrel-macos-x86_64 2.2 235.00 NOTE
r-oldrel-windows-x86_64 2.2 116.00 220.00 336.00 NOTE

Check Details

Version: 2.2
Check: C++ specification
Result: NOTE Specified C++11: please drop specification unless essential Flavors: r-devel-linux-x86_64-debian-clang, r-devel-linux-x86_64-debian-gcc, r-devel-linux-x86_64-fedora-clang, r-devel-linux-x86_64-fedora-gcc, r-devel-windows-x86_64, r-patched-linux-x86_64, r-release-linux-x86_64, r-release-macos-arm64, r-release-macos-x86_64, r-release-windows-x86_64, r-oldrel-macos-arm64, r-oldrel-macos-x86_64, r-oldrel-windows-x86_64

Version: 2.2
Check: installed package size
Result: NOTE installed size is 8.1Mb sub-directories of 1Mb or more: libs 7.5Mb Flavors: r-release-macos-arm64, r-release-macos-x86_64, r-oldrel-macos-arm64, r-oldrel-macos-x86_64