Last updated on 2024-04-21 12:53:49 CEST.
Flavor | Version | Tinstall | Tcheck | Ttotal | Status | Flags |
---|---|---|---|---|---|---|
r-devel-linux-x86_64-debian-clang | 1.0.1 | 2.64 | 41.35 | 43.99 | NOTE | |
r-devel-linux-x86_64-debian-gcc | 1.0.1 | 1.91 | 29.94 | 31.85 | NOTE | |
r-devel-linux-x86_64-fedora-clang | 1.0.1 | 54.91 | NOTE | |||
r-devel-linux-x86_64-fedora-gcc | 1.0.1 | 51.54 | NOTE | |||
r-prerel-macos-arm64 | 1.0.1 | 20.00 | NOTE | |||
r-prerel-windows-x86_64 | 1.0.1 | 3.00 | 51.00 | 54.00 | NOTE | |
r-patched-linux-x86_64 | 1.0.1 | 2.46 | 39.53 | 41.99 | NOTE | |
r-release-linux-x86_64 | 1.0.1 | 2.57 | 40.21 | 42.78 | OK | |
r-release-macos-arm64 | 1.0.1 | 21.00 | OK | |||
r-release-macos-x86_64 | 1.0.1 | 28.00 | OK | |||
r-release-windows-x86_64 | 1.0.1 | 3.00 | 53.00 | 56.00 | OK | |
r-oldrel-macos-arm64 | 1.0.1 | 18.00 | OK | |||
r-oldrel-windows-x86_64 | 1.0.1 | 3.00 | 57.00 | 60.00 | OK |
Version: 1.0.1
Check: Rd files
Result: NOTE
checkRd: (-1) BayesTreePrior.Rd:38: Lost braces in \itemize; meant \describe ?
checkRd: (-1) BayesTreePrior.Rd:39: Lost braces in \itemize; meant \describe ?
checkRd: (-1) BayesTreePrior.Rd:40: Lost braces in \itemize; meant \describe ?
checkRd: (-1) BayesTreePrior.Rd:41: Lost braces in \itemize; meant \describe ?
Flavors: r-devel-linux-x86_64-debian-clang, r-devel-linux-x86_64-debian-gcc, r-devel-linux-x86_64-fedora-clang, r-devel-linux-x86_64-fedora-gcc, r-prerel-macos-arm64, r-prerel-windows-x86_64, r-patched-linux-x86_64